{"id":3922,"date":"2019-09-16T21:25:44","date_gmt":"2019-09-17T00:25:44","guid":{"rendered":"https:\/\/maisativos.com.br\/loja\/?post_type=product&#038;p=3922"},"modified":"2025-08-31T17:02:47","modified_gmt":"2025-08-31T20:02:47","slug":"dia-de-chuva","status":"publish","type":"product","link":"https:\/\/maisativos.com.br\/loja\/produtos\/dia-de-chuva\/","title":{"rendered":"Dia de chuva"},"content":{"rendered":"<p class=\"p1\"><span class=\"s1\">Dia de chuva \u00e9 um convite para fazer coisas diferentes, especiais. \u00c9 dia de aconchego. Dia de chuva \u00e9 bom para abrir um livro e se deliciar. Essa obra fala das coisas boas que se pode fazer e curtir em dias de chuva. Deixe este livro guardadinho at\u00e9 o pr\u00f3ximo dia de chuva. Ent\u00e3o, leia e aproveite!<\/span><\/p>\n<p class=\"p3\"><span class=\"s1\"><b>Autor:\u00a0<\/b>\u00c1lvaro Modernell<\/span><\/p>\n<p class=\"p3\"><span class=\"s1\"><b>Ilustra\u00e7\u00f5es:<\/b>\u00a0Romont Willy<br \/>\n<b>ISBN<\/b>:\u00a0978-65-80082-13-1 (Peso 150g)<\/span><span class=\"s2\"><br \/>\n<\/span><span class=\"s1\"><b>Formato:<\/b>\u00a021 x 26cm. Ilustrado, 32 p\u00e1ginas.<br \/>\n<b>Selo editorial:<\/b> Mais Amigos<br \/>\n<b>Edi\u00e7\u00e3o atual:<\/b>\u00a01a (Lan\u00e7amento)<br \/>\n<b>Indica\u00e7\u00e3o<\/b>: ensino fundamental, anos iniciais; EF15; fam\u00edlia.<\/span><\/p>\n","protected":false},"excerpt":{"rendered":"<p><span class=\"s1\">Dia de chuva \u00e9 um convite para fazer coisas diferentes, especiais. \u00c9 dia de aconchego. Dia de chuva \u00e9 bom para abrir um livro e se deliciar.<\/span><\/p>\n","protected":false},"featured_media":18331,"template":"","meta":{"_joinchat":[]},"product_brand":[],"product_cat":[93,68],"product_tag":[109,21,25,110,87],"class_list":{"0":"post-3922","1":"product","2":"type-product","3":"status-publish","4":"has-post-thumbnail","6":"product_cat-mais-amigos","7":"product_cat-todos","8":"product_tag-chuva","9":"product_tag-criancas","10":"product_tag-ensino-fundamental","11":"product_tag-estacoes-do-ano","12":"product_tag-literatura-infantil","13":"latest_post","15":"first","16":"instock","17":"shipping-taxable","18":"purchasable","19":"product-type-simple","20":"add-to-wishlist-after_add_to_cart"},"_links":{"self":[{"href":"https:\/\/maisativos.com.br\/loja\/wp-json\/wp\/v2\/product\/3922","targetHints":{"allow":["GET"]}}],"collection":[{"href":"https:\/\/maisativos.com.br\/loja\/wp-json\/wp\/v2\/product"}],"about":[{"href":"https:\/\/maisativos.com.br\/loja\/wp-json\/wp\/v2\/types\/product"}],"wp:featuredmedia":[{"embeddable":true,"href":"https:\/\/maisativos.com.br\/loja\/wp-json\/wp\/v2\/media\/18331"}],"wp:attachment":[{"href":"https:\/\/maisativos.com.br\/loja\/wp-json\/wp\/v2\/media?parent=3922"}],"wp:term":[{"taxonomy":"product_brand","embeddable":true,"href":"https:\/\/maisativos.com.br\/loja\/wp-json\/wp\/v2\/product_brand?post=3922"},{"taxonomy":"product_cat","embeddable":true,"href":"https:\/\/maisativos.com.br\/loja\/wp-json\/wp\/v2\/product_cat?post=3922"},{"taxonomy":"product_tag","embeddable":true,"href":"https:\/\/maisativos.com.br\/loja\/wp-json\/wp\/v2\/product_tag?post=3922"}],"curies":[{"name":"wp","href":"https:\/\/api.w.org\/{rel}","templated":true}]}}