{"id":3550,"date":"2019-09-02T09:45:40","date_gmt":"2019-09-02T12:45:40","guid":{"rendered":"https:\/\/maisativos.com.br\/loja\/?post_type=product&#038;p=3550"},"modified":"2024-10-15T10:46:17","modified_gmt":"2024-10-15T13:46:17","slug":"o-menino-e-o-gigante","status":"publish","type":"product","link":"https:\/\/maisativos.com.br\/loja\/produtos\/o-menino-e-o-gigante\/","title":{"rendered":"O menino e o gigante"},"content":{"rendered":"<p class=\"p1\"><span class=\"s1\">Era uma vez um gigante assustador que perseguia Caio. O menino afastou-se dos amigos e deixou as brincadeiras de lado. Certo dia, Caio percebeu o gigante a persegui-lo e chamou por Manu, sua melhor amiga. Ent\u00e3o, aconteceu a incr\u00edvel descoberta: o tal gigante morava dentro dele, e seu nome era Medo. Ser\u00e1 que eles conseguiram enfrentar esse gigante?<\/span><\/p>\n<p class=\"p3\"><span class=\"s1\"><b>Autora:\u00a0<\/b>D\u00e9bora Bianca<\/span><\/p>\n<p class=\"p3\"><span class=\"s1\"><b>Ilustra\u00e7\u00f5es:<\/b>\u00a0Ros\u00e2ngela Grafetti<br \/>\n<b>ISBN<\/b>:\u00a0978-65-80082-16-2 (Peso 150g)<\/span><span class=\"s2\"><br \/>\n<\/span><span class=\"s1\"><b>Formato:<\/b>\u00a023 x 21cm. Ilustrado, 24 p\u00e1ginas.<br \/>\n<b>Selo editorial:<\/b> Mais Amigos<br \/>\n<b>Edi\u00e7\u00e3o atual:<\/b>\u00a01a (Lan\u00e7amento)<br \/>\n<b>Indica\u00e7\u00e3o<\/b>: ensino fundamental, anos iniciais; EF13.<\/span><\/p>\n","protected":false},"excerpt":{"rendered":"<p><span class=\"s1\">Era uma vez um gigante assustador que perseguia Caio. O menino afastou-se dos amigos e deixou as brincadeiras de lado.<\/span><\/p>\n","protected":false},"featured_media":18022,"template":"","meta":{"_joinchat":[]},"product_brand":[],"product_cat":[93,68],"product_tag":[106,21,25,107,105,108],"class_list":{"0":"post-3550","1":"product","2":"type-product","3":"status-publish","4":"has-post-thumbnail","6":"product_cat-mais-amigos","7":"product_cat-todos","8":"product_tag-amizade","9":"product_tag-criancas","10":"product_tag-ensino-fundamental","11":"product_tag-medo","12":"product_tag-relacionamentos","13":"product_tag-sentimentos","14":"latest_post","16":"first","17":"instock","18":"shipping-taxable","19":"purchasable","20":"product-type-simple","21":"add-to-wishlist-after_add_to_cart"},"_links":{"self":[{"href":"https:\/\/maisativos.com.br\/loja\/wp-json\/wp\/v2\/product\/3550","targetHints":{"allow":["GET"]}}],"collection":[{"href":"https:\/\/maisativos.com.br\/loja\/wp-json\/wp\/v2\/product"}],"about":[{"href":"https:\/\/maisativos.com.br\/loja\/wp-json\/wp\/v2\/types\/product"}],"wp:featuredmedia":[{"embeddable":true,"href":"https:\/\/maisativos.com.br\/loja\/wp-json\/wp\/v2\/media\/18022"}],"wp:attachment":[{"href":"https:\/\/maisativos.com.br\/loja\/wp-json\/wp\/v2\/media?parent=3550"}],"wp:term":[{"taxonomy":"product_brand","embeddable":true,"href":"https:\/\/maisativos.com.br\/loja\/wp-json\/wp\/v2\/product_brand?post=3550"},{"taxonomy":"product_cat","embeddable":true,"href":"https:\/\/maisativos.com.br\/loja\/wp-json\/wp\/v2\/product_cat?post=3550"},{"taxonomy":"product_tag","embeddable":true,"href":"https:\/\/maisativos.com.br\/loja\/wp-json\/wp\/v2\/product_tag?post=3550"}],"curies":[{"name":"wp","href":"https:\/\/api.w.org\/{rel}","templated":true}]}}

<p class="p1"><span class="s1">Era uma vez um gigante assustador que perseguia Caio. O menino afastou-se dos amigos e deixou as brincadeiras de lado. Certo dia, Caio percebeu o gigante a persegui-lo e chamou por Manu, sua melhor amiga. Então, aconteceu a incrível descoberta: o tal gigante morava dentro dele, e seu nome era Medo. Será que eles conseguiram enfrentar esse gigante?</span></p>
<p class="p3"><span class="s1"><b>Autora: </b>Débora Bianca</span></p>
<p class="p3"><span class="s1"><b>Ilustrações:</b> Rosângela Grafetti<br />
<b>ISBN</b>: 978-65-80082-16-2 (Peso 150g)</span><span class="s2"><br />
</span><span class="s1"><b>Formato:</b> 23 x 21cm. Ilustrado, 24 páginas.<br />
<b>Selo editorial:</b> Mais Amigos<br />
<b>Edição atual:</b> 1a (Lançamento)<br />
<b>Indicação</b>: ensino fundamental, anos iniciais; EF13.</span></p>
