{"id":3184,"date":"2019-08-20T10:05:23","date_gmt":"2019-08-20T13:05:23","guid":{"rendered":"https:\/\/maisativos.com.br\/loja\/?post_type=product&#038;p=3184"},"modified":"2025-08-31T17:07:21","modified_gmt":"2025-08-31T20:07:21","slug":"nas-entrelinhas-do-hino-nacional","status":"publish","type":"product","link":"https:\/\/maisativos.com.br\/loja\/produtos\/nas-entrelinhas-do-hino-nacional\/","title":{"rendered":"Nas entrelinhas do Hino Nacional"},"content":{"rendered":"<p class=\"p1\"><span class=\"s1\">Nas entrelinhas do nosso hino h\u00e1 muita poesia, hist\u00f3ria, significados, mensagens patri\u00f3ticas e, sobretudo, beleza. O Hino Nacional \u00e9 um primor, tanto a letra quanto a m\u00fasica. Ele mexe com as emo\u00e7\u00f5es dos brasileiros. <\/span><\/p>\n<p class=\"p1\"><span class=\"s1\">O poema de Os\u00f3rio Duque Estrada se tornou a letra oficial do hino em 1922, por ocasi\u00e3o da comemora\u00e7\u00e3o do primeiro centen\u00e1rio da Independ\u00eancia do Brasil. J\u00e1 estamos pr\u00f3ximos da comemora\u00e7\u00e3o do segundo centen\u00e1rio e, por incr\u00edvel que pare\u00e7a, muitos o cantam sem conhecer a hist\u00f3ria e sem saber o significado de todas as palavras e express\u00f5es. E voc\u00ea, sabe? Com certeza, depois da leitura deste livro, voc\u00ea ouvir\u00e1 o Hino Nacional de um jeito diferente.<\/span><\/p>\n<p class=\"p4\"><span class=\"s1\"><b>Autoras:\u00a0<\/b>Dad Squarisi e Marcia Duailibe Forte<\/span><\/p>\n<p class=\"p4\"><span class=\"s1\"><b>Ilustra\u00e7\u00f5es:<\/b>\u00a0Andr\u00e9 Cerino<br \/>\n<b>ISBN<\/b>:\u00a0978-65-80082-10-0 (Peso 200g)<\/span><span class=\"s2\"><br \/>\n<\/span><span class=\"s1\"><b>Formato:<\/b>\u00a021 x 26cm. Ilustrado, 32 p\u00e1ginas.<br \/>\n<b>Selo editorial:<\/b> Mais Amigos<br \/>\n<b>Edi\u00e7\u00e3o atual:<\/b>\u00a01a (Lan\u00e7amento)<br \/>\n<b>Indica\u00e7\u00e3o<\/b>: ensino fundamental, anos iniciais e finais; EF39.<\/span><\/p>\n<p>&nbsp;<\/p>\n<h3>Na m\u00eddia<\/h3>\n<div style=\"width: 640px;\" class=\"wp-video\"><video class=\"wp-video-shortcode\" id=\"video-3184-1\" width=\"640\" height=\"359\" preload=\"metadata\" controls=\"controls\"><source type=\"video\/mp4\" src=\"https:\/\/maisativos.com.br\/loja\/wp-content\/uploads\/2019\/08\/WhatsApp-Video-2019-09-06-at-20.55.38.mp4?_=1\" \/><a href=\"https:\/\/maisativos.com.br\/loja\/wp-content\/uploads\/2019\/08\/WhatsApp-Video-2019-09-06-at-20.55.38.mp4\">https:\/\/maisativos.com.br\/loja\/wp-content\/uploads\/2019\/08\/WhatsApp-Video-2019-09-06-at-20.55.38.mp4<\/a><\/video><\/div>\n","protected":false},"excerpt":{"rendered":"<p class=\"p1\"><span class=\"s1\">Nas entrelinhas do nosso hino h\u00e1 muita poesia, hist\u00f3ria, significados, mensagens patri\u00f3ticas e, sobretudo, beleza. O Hino Nacional \u00e9 um primor, tanto a letra quanto a m\u00fasica. Ele mexe com as emo\u00e7\u00f5es dos brasileiros. <\/span><\/p>\n","protected":false},"featured_media":3185,"template":"","meta":{"_joinchat":[]},"product_brand":[],"product_cat":[93,68],"product_tag":[81,103,21,25,102],"class_list":{"0":"post-3184","1":"product","2":"type-product","3":"status-publish","4":"has-post-thumbnail","6":"product_cat-mais-amigos","7":"product_cat-todos","8":"product_tag-brasil","9":"product_tag-cidadania","10":"product_tag-criancas","11":"product_tag-ensino-fundamental","12":"product_tag-hino-nacional","13":"latest_post","15":"first","16":"instock","17":"shipping-taxable","18":"purchasable","19":"product-type-simple","20":"add-to-wishlist-after_add_to_cart"},"_links":{"self":[{"href":"https:\/\/maisativos.com.br\/loja\/wp-json\/wp\/v2\/product\/3184","targetHints":{"allow":["GET"]}}],"collection":[{"href":"https:\/\/maisativos.com.br\/loja\/wp-json\/wp\/v2\/product"}],"about":[{"href":"https:\/\/maisativos.com.br\/loja\/wp-json\/wp\/v2\/types\/product"}],"wp:featuredmedia":[{"embeddable":true,"href":"https:\/\/maisativos.com.br\/loja\/wp-json\/wp\/v2\/media\/3185"}],"wp:attachment":[{"href":"https:\/\/maisativos.com.br\/loja\/wp-json\/wp\/v2\/media?parent=3184"}],"wp:term":[{"taxonomy":"product_brand","embeddable":true,"href":"https:\/\/maisativos.com.br\/loja\/wp-json\/wp\/v2\/product_brand?post=3184"},{"taxonomy":"product_cat","embeddable":true,"href":"https:\/\/maisativos.com.br\/loja\/wp-json\/wp\/v2\/product_cat?post=3184"},{"taxonomy":"product_tag","embeddable":true,"href":"https:\/\/maisativos.com.br\/loja\/wp-json\/wp\/v2\/product_tag?post=3184"}],"curies":[{"name":"wp","href":"https:\/\/api.w.org\/{rel}","templated":true}]}}

<p class="p1"><span class="s1">Nas entrelinhas do nosso hino há muita poesia, história, significados, mensagens patrióticas e, sobretudo, beleza. O Hino Nacional é um primor, tanto a letra quanto a música. Ele mexe com as emoções dos brasileiros. </span></p>
<p class="p1"><span class="s1">O poema de Osório Duque Estrada se tornou a letra oficial do hino em 1922, por ocasião da comemoração do primeiro centenário da Independência do Brasil. Já estamos próximos da comemoração do segundo centenário e, por incrível que pareça, muitos o cantam sem conhecer a história e sem saber o significado de todas as palavras e expressões. E você, sabe? Com certeza, depois da leitura deste livro, você ouvirá o Hino Nacional de um jeito diferente.</span></p>
<p class="p4"><span class="s1"><b>Autoras: </b>Dad Squarisi e Marcia Duailibe Forte</span></p>
<p class="p4"><span class="s1"><b>Ilustrações:</b> André Cerino<br />
<b>ISBN</b>: 978-65-80082-10-0 (Peso 200g)</span><span class="s2"><br />
</span><span class="s1"><b>Formato:</b> 21 x 26cm. Ilustrado, 32 páginas.<br />
<b>Selo editorial:</b> Mais Amigos<br />
<b>Edição atual:</b> 1a (Lançamento)<br />
<b>Indicação</b>: ensino fundamental, anos iniciais e finais; EF39.</span></p>
<p>&nbsp;</p>
<h3>Na mídia</h3>
<div style="width: 640px;" class="wp-video"><video class="wp-video-shortcode" id="video-3184-1" width="640" height="359" preload="metadata" controls="controls"><source type="video/mp4" src="https://maisativos.com.br/loja/wp-content/uploads/2019/08/WhatsApp-Video-2019-09-06-at-20.55.38.mp4?_=1" /><a href="https://maisativos.com.br/loja/wp-content/uploads/2019/08/WhatsApp-Video-2019-09-06-at-20.55.38.mp4">https://maisativos.com.br/loja/wp-content/uploads/2019/08/WhatsApp-Video-2019-09-06-at-20.55.38.mp4</a></video></div>

<p class="p1"><span class="s1">Nas entrelinhas do nosso hino há muita poesia, história, significados, mensagens patrióticas e, sobretudo, beleza. O Hino Nacional é um primor, tanto a letra quanto a música. Ele mexe com as emoções dos brasileiros. </span></p>
