{"id":2905,"date":"2019-08-09T07:34:09","date_gmt":"2019-08-09T10:34:09","guid":{"rendered":"https:\/\/maisativos.com.br\/loja\/?post_type=product&#038;p=2905"},"modified":"2025-08-31T17:11:17","modified_gmt":"2025-08-31T20:11:17","slug":"piquenique","status":"publish","type":"product","link":"https:\/\/maisativos.com.br\/loja\/produtos\/piquenique\/","title":{"rendered":"Piquenique"},"content":{"rendered":"<p class=\"p1\"><span class=\"s1\">Em um piquenique, nunca estamos sozinhos. H\u00e1 insetos, animais, p\u00e1ssaros. S\u00e3o muitos sabores, formas e cores. Se prestarmos aten\u00e7\u00e3o, at\u00e9 os n\u00fameros l\u00e1 est\u00e3o.<\/span><\/p>\n<p class=\"p1\"><span class=\"s1\">Um texto leve, com muitas possibilidades de aprendizado. Enquanto a crian\u00e7a se diverte com a hist\u00f3ria po\u00e9tica, ela se apropria dos nomes de animais, insetos, cores, formas e n\u00fameros at\u00e9 dez. O texto apresenta, tamb\u00e9m, palavras e express\u00f5es pouco usuais \u00e0 rotina da crian\u00e7a, enriquecendo o vocabul\u00e1rio e agu\u00e7ando a curiosidade.<\/span><\/p>\n<p class=\"p3\"><span class=\"s1\"><b>Autora:\u00a0<\/b>Dani de Britto<\/span><\/p>\n<p class=\"p3\"><span class=\"s1\"><b>Ilustra\u00e7\u00f5es:<\/b>\u00a0Dani de Britto<br \/>\n<b>ISBN<\/b>:\u00a0978-65-80082-17-9 (Peso 150g)<\/span><span class=\"s3\"><br \/>\n<\/span><span class=\"s1\"><b>Formato:<\/b>\u00a023 x 21cm. Ilustrado, 24 p\u00e1ginas.<br \/>\n<b>Selo editorial:<\/b> Mais Amigos<br \/>\n<b>Edi\u00e7\u00e3o atual:<\/b>\u00a01a (Lan\u00e7amento)<br \/>\n<b>Indica\u00e7\u00e3o<\/b>: educa\u00e7\u00e3o infantis (EI03) e ensino fundamental, anos iniciais; EF12.<\/span><\/p>\n","protected":false},"excerpt":{"rendered":"<p><span class=\"s1\">Em um piquenique, nunca estamos sozinhos. H\u00e1 insetos, animais, p\u00e1ssaros. S\u00e3o muitos sabores, formas e cores. Se prestarmos aten\u00e7\u00e3o, at\u00e9 os n\u00fameros l\u00e1 est\u00e3o.<\/span><\/p>\n","protected":false},"featured_media":3051,"template":"","meta":{"_joinchat":[]},"product_brand":[],"product_cat":[93,68],"product_tag":[21,27,25,87],"class_list":{"0":"post-2905","1":"product","2":"type-product","3":"status-publish","4":"has-post-thumbnail","6":"product_cat-mais-amigos","7":"product_cat-todos","8":"product_tag-criancas","9":"product_tag-educacao-infantil","10":"product_tag-ensino-fundamental","11":"product_tag-literatura-infantil","12":"latest_post","14":"first","15":"instock","16":"shipping-taxable","17":"purchasable","18":"product-type-simple","19":"add-to-wishlist-after_add_to_cart"},"_links":{"self":[{"href":"https:\/\/maisativos.com.br\/loja\/wp-json\/wp\/v2\/product\/2905","targetHints":{"allow":["GET"]}}],"collection":[{"href":"https:\/\/maisativos.com.br\/loja\/wp-json\/wp\/v2\/product"}],"about":[{"href":"https:\/\/maisativos.com.br\/loja\/wp-json\/wp\/v2\/types\/product"}],"wp:featuredmedia":[{"embeddable":true,"href":"https:\/\/maisativos.com.br\/loja\/wp-json\/wp\/v2\/media\/3051"}],"wp:attachment":[{"href":"https:\/\/maisativos.com.br\/loja\/wp-json\/wp\/v2\/media?parent=2905"}],"wp:term":[{"taxonomy":"product_brand","embeddable":true,"href":"https:\/\/maisativos.com.br\/loja\/wp-json\/wp\/v2\/product_brand?post=2905"},{"taxonomy":"product_cat","embeddable":true,"href":"https:\/\/maisativos.com.br\/loja\/wp-json\/wp\/v2\/product_cat?post=2905"},{"taxonomy":"product_tag","embeddable":true,"href":"https:\/\/maisativos.com.br\/loja\/wp-json\/wp\/v2\/product_tag?post=2905"}],"curies":[{"name":"wp","href":"https:\/\/api.w.org\/{rel}","templated":true}]}}