{"id":1952,"date":"2019-06-04T09:32:55","date_gmt":"2019-06-04T12:32:55","guid":{"rendered":"https:\/\/maisativos.com.br\/loja\/?post_type=product&#038;p=1952"},"modified":"2025-08-31T16:58:44","modified_gmt":"2025-08-31T19:58:44","slug":"a-biblioteca-da-traca-teca","status":"publish","type":"product","link":"https:\/\/maisativos.com.br\/loja\/produtos\/a-biblioteca-da-traca-teca\/","title":{"rendered":"A biblioteca da tra\u00e7a Teca"},"content":{"rendered":"<p class=\"p1\"><span class=\"s1\">A tra\u00e7a Teca, uma moleca, mora num pal\u00e1cio m\u00e1gico: uma biblioteca. Ela ama os livros e por isso se recusa a com\u00ea-los. E, como vive a passear por p\u00e1ginas e p\u00e1ginas, resolveu nos contar a hist\u00f3ria de sua casa e de seus melhores amigos: os livros. <\/span><\/p>\n<p class=\"p2\"><span class=\"s1\"><b>Autor:\u00a0<\/b>Maur\u00edcio Melo J\u00fanior <\/span><\/p>\n<p class=\"p2\"><span class=\"s1\"><b>Ilustra\u00e7\u00f5es:<\/b>\u00a0Marco Antonio Godoy<br \/>\n<b>ISBN<\/b>:\u00a0978-65-80082-07-0 (Peso 150g)<\/span><span class=\"s2\"><br \/>\n<\/span><span class=\"s1\"><b>Formato:<\/b>\u00a021 x 26cm. Ilustrado, 28 p\u00e1ginas.<br \/>\n<b>Selo editorial:<\/b> Mais Amigos<br \/>\n<b>Editora:<\/b>\u00a0Mais Amigos (Mais Ativos)<\/span><\/p>\n<p class=\"p2\"><span class=\"s1\"><b>Edi\u00e7\u00e3o atual:<\/b>\u00a01a (Lan\u00e7amento)<br \/>\n<b>Indica\u00e7\u00e3o<\/b>: ensino fundamental, anos iniciais; EF26.<\/span><\/p>\n","protected":false},"excerpt":{"rendered":"<p><span class=\"s1\">A tra\u00e7a Teca, uma moleca, mora num pal\u00e1cio m\u00e1gico: uma biblioteca. Ela ama os livros e por isso se recusa a com\u00ea-los. E, como vive a passear por p\u00e1ginas e p\u00e1ginas, resolveu nos contar a hist\u00f3ria de sua casa e de seus melhores amigos: os livros.<\/span><\/p>\n","protected":false},"featured_media":1953,"template":"","meta":{"_joinchat":[]},"product_brand":[],"product_cat":[93,68],"product_tag":[90,21,25,91,89],"class_list":{"0":"post-1952","1":"product","2":"type-product","3":"status-publish","4":"has-post-thumbnail","6":"product_cat-mais-amigos","7":"product_cat-todos","8":"product_tag-biblioteca","9":"product_tag-criancas","10":"product_tag-ensino-fundamental","11":"product_tag-historia-do-livro","12":"product_tag-livros","13":"latest_post","15":"first","16":"instock","17":"shipping-taxable","18":"purchasable","19":"product-type-simple","20":"add-to-wishlist-after_add_to_cart"},"_links":{"self":[{"href":"https:\/\/maisativos.com.br\/loja\/wp-json\/wp\/v2\/product\/1952","targetHints":{"allow":["GET"]}}],"collection":[{"href":"https:\/\/maisativos.com.br\/loja\/wp-json\/wp\/v2\/product"}],"about":[{"href":"https:\/\/maisativos.com.br\/loja\/wp-json\/wp\/v2\/types\/product"}],"wp:featuredmedia":[{"embeddable":true,"href":"https:\/\/maisativos.com.br\/loja\/wp-json\/wp\/v2\/media\/1953"}],"wp:attachment":[{"href":"https:\/\/maisativos.com.br\/loja\/wp-json\/wp\/v2\/media?parent=1952"}],"wp:term":[{"taxonomy":"product_brand","embeddable":true,"href":"https:\/\/maisativos.com.br\/loja\/wp-json\/wp\/v2\/product_brand?post=1952"},{"taxonomy":"product_cat","embeddable":true,"href":"https:\/\/maisativos.com.br\/loja\/wp-json\/wp\/v2\/product_cat?post=1952"},{"taxonomy":"product_tag","embeddable":true,"href":"https:\/\/maisativos.com.br\/loja\/wp-json\/wp\/v2\/product_tag?post=1952"}],"curies":[{"name":"wp","href":"https:\/\/api.w.org\/{rel}","templated":true}]}}

A biblioteca da traça Teca

<p class="p1"><span class="s1">A traça Teca, uma moleca, mora num palácio mágico: uma biblioteca. Ela ama os livros e por isso se recusa a comê-los. E, como vive a passear por páginas e páginas, resolveu nos contar a história de sua casa e de seus melhores amigos: os livros. </span></p>
<p class="p2"><span class="s1"><b>Autor: </b>Maurício Melo Júnior </span></p>
<p class="p2"><span class="s1"><b>Ilustrações:</b> Marco Antonio Godoy<br />
<b>ISBN</b>: 978-65-80082-07-0 (Peso 150g)</span><span class="s2"><br />
</span><span class="s1"><b>Formato:</b> 21 x 26cm. Ilustrado, 28 páginas.<br />
<b>Selo editorial:</b> Mais Amigos<br />
<b>Editora:</b> Mais Amigos (Mais Ativos)</span></p>
<p class="p2"><span class="s1"><b>Edição atual:</b> 1a (Lançamento)<br />
<b>Indicação</b>: ensino fundamental, anos iniciais; EF26.</span></p>

<p><span class="s1">A traça Teca, uma moleca, mora num palácio mágico: uma biblioteca. Ela ama os livros e por isso se recusa a comê-los. E, como vive a passear por páginas e páginas, resolveu nos contar a história de sua casa e de seus melhores amigos: os livros.</span></p>
