{"id":1948,"date":"2019-06-04T09:22:42","date_gmt":"2019-06-04T12:22:42","guid":{"rendered":"https:\/\/maisativos.com.br\/loja\/?post_type=product&#038;p=1948"},"modified":"2025-08-31T17:08:18","modified_gmt":"2025-08-31T20:08:18","slug":"o-canto-do-passarinho","status":"publish","type":"product","link":"https:\/\/maisativos.com.br\/loja\/produtos\/o-canto-do-passarinho\/","title":{"rendered":"O canto do passarinho"},"content":{"rendered":"<p class=\"p1\"><span class=\"s1\">Canto de passarinho \u00e9 presente que enche o cora\u00e7\u00e3o da gente. Por que ser\u00e1 que os passarinhos gostam tanto de cantar? Quem sabe o passinho da hist\u00f3ria mesmo possa contar, ou talvez seus amigos, formas geom\u00e9tricas que lhe fazem uma surpresa, uma casinha para ele morar.<\/span><\/p>\n<p class=\"p3\"><span class=\"s1\"><b>Autora:\u00a0<\/b>Ana Neila Torquato<br \/>\n<\/span><span class=\"s1\"><b>Ilustra\u00e7\u00f5es:<\/b>\u00a0Sami Ribeiro<br \/>\n<b>ISBN<\/b>:\u00a0978-65-80082-08-7 (Peso 150g)<\/span><span class=\"s2\"><br \/>\n<\/span><span class=\"s1\"><b>Formato:<\/b>\u00a023 x 21cm. Ilustrado, 24 p\u00e1ginas.<br \/>\n<b>Selo editorial:<\/b> Mais Amigos<br \/>\n<b>Editora:<\/b>\u00a0Mais Amigos (Mais Ativos)<br \/>\n<\/span><span class=\"s1\"><b>Edi\u00e7\u00e3o atual:<\/b>\u00a01a (Lan\u00e7amento)<br \/>\n<b>Indica\u00e7\u00e3o<\/b>: educa\u00e7\u00e3o infantis (EI03) e ensino fundamental, anos iniciais; EF12.<\/span><\/p>\n","protected":false},"excerpt":{"rendered":"<p><span class=\"s1\">Canto de passarinho \u00e9 presente que enche o cora\u00e7\u00e3o da gente. Por que ser\u00e1 que os passarinhos gostam tanto de cantar? <\/span><\/p>\n","protected":false},"featured_media":1949,"template":"","meta":{"_joinchat":[]},"product_brand":[],"product_cat":[93,68],"product_tag":[21,27,25,87],"class_list":{"0":"post-1948","1":"product","2":"type-product","3":"status-publish","4":"has-post-thumbnail","6":"product_cat-mais-amigos","7":"product_cat-todos","8":"product_tag-criancas","9":"product_tag-educacao-infantil","10":"product_tag-ensino-fundamental","11":"product_tag-literatura-infantil","12":"latest_post","14":"first","15":"instock","16":"shipping-taxable","17":"purchasable","18":"product-type-simple","19":"add-to-wishlist-after_add_to_cart"},"_links":{"self":[{"href":"https:\/\/maisativos.com.br\/loja\/wp-json\/wp\/v2\/product\/1948","targetHints":{"allow":["GET"]}}],"collection":[{"href":"https:\/\/maisativos.com.br\/loja\/wp-json\/wp\/v2\/product"}],"about":[{"href":"https:\/\/maisativos.com.br\/loja\/wp-json\/wp\/v2\/types\/product"}],"wp:featuredmedia":[{"embeddable":true,"href":"https:\/\/maisativos.com.br\/loja\/wp-json\/wp\/v2\/media\/1949"}],"wp:attachment":[{"href":"https:\/\/maisativos.com.br\/loja\/wp-json\/wp\/v2\/media?parent=1948"}],"wp:term":[{"taxonomy":"product_brand","embeddable":true,"href":"https:\/\/maisativos.com.br\/loja\/wp-json\/wp\/v2\/product_brand?post=1948"},{"taxonomy":"product_cat","embeddable":true,"href":"https:\/\/maisativos.com.br\/loja\/wp-json\/wp\/v2\/product_cat?post=1948"},{"taxonomy":"product_tag","embeddable":true,"href":"https:\/\/maisativos.com.br\/loja\/wp-json\/wp\/v2\/product_tag?post=1948"}],"curies":[{"name":"wp","href":"https:\/\/api.w.org\/{rel}","templated":true}]}}