{"id":18703,"date":"2025-03-11T15:22:19","date_gmt":"2025-03-11T18:22:19","guid":{"rendered":"https:\/\/maisativos.com.br\/loja\/?post_type=product&#038;p=18703"},"modified":"2025-08-31T16:59:51","modified_gmt":"2025-08-31T19:59:51","slug":"a-festa-do-bicho-dente","status":"publish","type":"product","link":"https:\/\/maisativos.com.br\/loja\/produtos\/a-festa-do-bicho-dente\/","title":{"rendered":"A FESTA DO BICHO DENTE"},"content":{"rendered":"<p>O Bicho Dente fica muito feliz quando descobre que vai haver festa. Doces, guloseimas e muita coisa para deix\u00e1-lo feliz junto com sua turma. Eles s\u00f3 n\u00e3o esperavam que uma outra turminha, a da higiene bucal, iria aparecer para enfrent\u00e1-los.<\/p>\n<p>BNCC: Campo de Experi\u00eancias na Educa\u00e7\u00e3o Infantil Corpo, gestos e movimentos e O eu, o outro e o n\u00f3s e Objetivos de Aprendizagens de v\u00e1rias \u00e1reas de conhecimento do 1\u00ba ano Ensino Fundamental.<\/p>\n<p><strong>Autor(a):<\/strong> Adriana Ara\u00fajo e Marco Ant\u00f4nio Roman<br \/>\n<strong>Ilustra\u00e7\u00f5es:<\/strong> Sami Ribeiro<br \/>\n<strong>Formato:<\/strong> 20 p\u00e1ginas, 21cm x 26cm<br \/>\n<strong>Editora:<\/strong> Mais Amigos<br \/>\n<strong>Indica\u00e7\u00e3o:<\/strong> : Educa\u00e7\u00e3o infantil (EI) e 1\u00ba ano Ensino Fundamental (EF01).<\/p>\n","protected":false},"excerpt":{"rendered":"<p>O Bicho Dente fica muito feliz quando descobre que vai haver festa. Doces, guloseimas e muita coisa para deix\u00e1-lo feliz junto com sua turma. Eles s\u00f3 n\u00e3o esperavam que uma outra turminha, a da higiene bucal, iria aparecer para enfrent\u00e1-los.<\/p>\n","protected":false},"featured_media":18704,"template":"","meta":{"_joinchat":[]},"product_brand":[],"product_cat":[165,93,68],"product_tag":[192,193,190,191],"class_list":{"0":"post-18703","1":"product","2":"type-product","3":"status-publish","4":"has-post-thumbnail","6":"product_cat-lancamentos","7":"product_cat-mais-amigos","8":"product_cat-todos","9":"product_tag-corpo","10":"product_tag-festa","11":"product_tag-higiene-bucal","12":"product_tag-saude","13":"latest_post","15":"first","16":"instock","17":"shipping-taxable","18":"purchasable","19":"product-type-simple","20":"add-to-wishlist-after_add_to_cart"},"_links":{"self":[{"href":"https:\/\/maisativos.com.br\/loja\/wp-json\/wp\/v2\/product\/18703","targetHints":{"allow":["GET"]}}],"collection":[{"href":"https:\/\/maisativos.com.br\/loja\/wp-json\/wp\/v2\/product"}],"about":[{"href":"https:\/\/maisativos.com.br\/loja\/wp-json\/wp\/v2\/types\/product"}],"wp:featuredmedia":[{"embeddable":true,"href":"https:\/\/maisativos.com.br\/loja\/wp-json\/wp\/v2\/media\/18704"}],"wp:attachment":[{"href":"https:\/\/maisativos.com.br\/loja\/wp-json\/wp\/v2\/media?parent=18703"}],"wp:term":[{"taxonomy":"product_brand","embeddable":true,"href":"https:\/\/maisativos.com.br\/loja\/wp-json\/wp\/v2\/product_brand?post=18703"},{"taxonomy":"product_cat","embeddable":true,"href":"https:\/\/maisativos.com.br\/loja\/wp-json\/wp\/v2\/product_cat?post=18703"},{"taxonomy":"product_tag","embeddable":true,"href":"https:\/\/maisativos.com.br\/loja\/wp-json\/wp\/v2\/product_tag?post=18703"}],"curies":[{"name":"wp","href":"https:\/\/api.w.org\/{rel}","templated":true}]}}

<p>O Bicho Dente fica muito feliz quando descobre que vai haver festa. Doces, guloseimas e muita coisa para deixá-lo feliz junto com sua turma. Eles só não esperavam que uma outra turminha, a da higiene bucal, iria aparecer para enfrentá-los.</p>
<p>BNCC: Campo de Experiências na Educação Infantil Corpo, gestos e movimentos e O eu, o outro e o nós e Objetivos de Aprendizagens de várias áreas de conhecimento do 1º ano Ensino Fundamental.</p>
<p><strong>Autor(a):</strong> Adriana Araújo e Marco Antônio Roman<br />
<strong>Ilustrações:</strong> Sami Ribeiro<br />
<strong>Formato:</strong> 20 páginas, 21cm x 26cm<br />
<strong>Editora:</strong> Mais Amigos<br />
<strong>Indicação:</strong> : Educação infantil (EI) e 1º ano Ensino Fundamental (EF01).</p>

<p>O Bicho Dente fica muito feliz quando descobre que vai haver festa. Doces, guloseimas e muita coisa para deixá-lo feliz junto com sua turma. Eles só não esperavam que uma outra turminha, a da higiene bucal, iria aparecer para enfrentá-los.</p>
