{"id":1852,"date":"2019-07-14T17:37:07","date_gmt":"2019-07-14T20:37:07","guid":{"rendered":"https:\/\/maisativos.com.br\/loja\/?post_type=product&#038;p=1852"},"modified":"2025-08-31T17:13:45","modified_gmt":"2025-08-31T20:13:45","slug":"venha-conhecer-o-brasil","status":"publish","type":"product","link":"https:\/\/maisativos.com.br\/loja\/produtos\/venha-conhecer-o-brasil\/","title":{"rendered":"Venha conhecer o Brasil"},"content":{"rendered":"<p>Um convite para conhecer o Brasil de uma forma diferente. O povo, a fauna, a flora, a comida, a cultura, pitadas da nossa hist\u00f3ria, e tamb\u00e9m da geografia, apresentado de um jeito original, gostoso de ler e de reler. Uma provoca\u00e7\u00e3o para que o leitor se interesse por conhecer melhor diferentes aspectos do nosso pa\u00eds.<\/p>\n<p><strong>Autor:\u00a0<\/strong>\u00c1lvaro Modernell<br \/>\n<strong>Ilustra\u00e7\u00f5es:<\/strong>\u00a0Andr\u00e9 Cerino<br \/>\n<strong>\u2028ISBN:<\/strong>\u00a0978-65-80082-04-9 (Peso 140g)<br \/>\n<strong>\u2028Formato:<\/strong>\u00a021 x 26cm. Ilustrado, 20 p\u00e1ginas.<br \/>\n<strong>Selo editorial:<\/strong> Mais Amigos<br \/>\n<strong>\u2028Editora:<\/strong>\u00a0Mais Amigos (Mais Ativos)<br \/>\n<strong>Edi\u00e7\u00e3o atual:<\/strong>\u00a01a (Lan\u00e7amento)\u2028Indica\u00e7\u00e3o: ensino fundamental, anos iniciais; EF26.<\/p>\n","protected":false},"excerpt":{"rendered":"<p>Um convite para conhecer o Brasil de uma forma diferente. O povo, a fauna, a flora, a comida, a cultura, pitadas da nossa hist\u00f3ria, e tamb\u00e9m da geografia, apresentado de um jeito original, gostoso de ler e de reler. Uma provoca\u00e7\u00e3o para que o leitor se interesse por conhecer melhor diferentes aspectos do nosso pa\u00eds.<\/p>\n","protected":false},"featured_media":1853,"template":"","meta":{"_joinchat":[]},"product_brand":[],"product_cat":[93,68],"product_tag":[81,21,82,27,25,150],"class_list":{"0":"post-1852","1":"product","2":"type-product","3":"status-publish","4":"has-post-thumbnail","6":"product_cat-mais-amigos","7":"product_cat-todos","8":"product_tag-brasil","9":"product_tag-criancas","10":"product_tag-cultura-brasileira","11":"product_tag-educacao-infantil","12":"product_tag-ensino-fundamental","13":"product_tag-venha-conhecer","14":"latest_post","16":"first","17":"instock","18":"shipping-taxable","19":"purchasable","20":"product-type-simple","21":"add-to-wishlist-after_add_to_cart"},"_links":{"self":[{"href":"https:\/\/maisativos.com.br\/loja\/wp-json\/wp\/v2\/product\/1852","targetHints":{"allow":["GET"]}}],"collection":[{"href":"https:\/\/maisativos.com.br\/loja\/wp-json\/wp\/v2\/product"}],"about":[{"href":"https:\/\/maisativos.com.br\/loja\/wp-json\/wp\/v2\/types\/product"}],"wp:featuredmedia":[{"embeddable":true,"href":"https:\/\/maisativos.com.br\/loja\/wp-json\/wp\/v2\/media\/1853"}],"wp:attachment":[{"href":"https:\/\/maisativos.com.br\/loja\/wp-json\/wp\/v2\/media?parent=1852"}],"wp:term":[{"taxonomy":"product_brand","embeddable":true,"href":"https:\/\/maisativos.com.br\/loja\/wp-json\/wp\/v2\/product_brand?post=1852"},{"taxonomy":"product_cat","embeddable":true,"href":"https:\/\/maisativos.com.br\/loja\/wp-json\/wp\/v2\/product_cat?post=1852"},{"taxonomy":"product_tag","embeddable":true,"href":"https:\/\/maisativos.com.br\/loja\/wp-json\/wp\/v2\/product_tag?post=1852"}],"curies":[{"name":"wp","href":"https:\/\/api.w.org\/{rel}","templated":true}]}}