{"id":1838,"date":"2019-04-10T23:18:18","date_gmt":"2019-04-11T02:18:18","guid":{"rendered":"https:\/\/maisativos.com.br\/loja\/?post_type=product&#038;p=1838"},"modified":"2025-08-31T17:00:13","modified_gmt":"2025-08-31T20:00:13","slug":"a-riqueza-da-doacao","status":"publish","type":"product","link":"https:\/\/maisativos.com.br\/loja\/produtos\/a-riqueza-da-doacao\/","title":{"rendered":"A riqueza da doa\u00e7\u00e3o"},"content":{"rendered":"<p>Nina teve uma ideia brilhante: ajudar pessoas que n\u00e3o tinham as mesmas possibilidades que ela. Nina vai ensinar a partilhar, a compartilhar, a se desapegar e a dividir. O leitor vai descobrir que, com atitudes simples, \u00e9 poss\u00edvel realizar grandes mudan\u00e7as, ser mais feliz e fazer outras pessoas felizes. Uma riqueza sem fim!<\/p>\n<p>Leia o livro e descubra a import\u00e2ncia da solidariedade e saiba como doa\u00e7\u00f5es a quem necessita podem nos tornar mais ricos.<\/p>\n<p><strong>Autor:<\/strong>\u00a0Jacqueline de Mattos<br \/>\n<strong>Ilustra\u00e7\u00f5es:<\/strong>\u00a0Ros\u00e2ngela Grafetti<br \/>\n<strong>ISBN:<\/strong>\u00a0978-65-80082-01-8 (Peso 120g)<br \/>\n<strong>Formato:<\/strong>\u00a023 x 21cm. Ilustrado, 24 p\u00e1ginas.<br \/>\n<strong>\u2028Editora:<\/strong>\u00a0Mais Amigos (Mais Ativos)<br \/>\n<strong>Selo editorial:<\/strong> Mais Amigos<br \/>\n<strong>\u2028Edi\u00e7\u00e3o atual:<\/strong>\u00a01a (Lan\u00e7amento)<br \/>\n<strong>Indica\u00e7\u00e3o:<\/strong> educa\u00e7\u00e3o infantil e ensino fundamental, anos iniciais; EI03, EF14.<\/p>\n","protected":false},"excerpt":{"rendered":"<p>O leitor vai descobrir que, com atitudes simples, \u00e9 poss\u00edvel realizar grandes mudan\u00e7as, ser mais feliz e fazer outras pessoas felizes. Uma riqueza sem fim!<\/p>\n","protected":false},"featured_media":1839,"template":"","meta":{"_joinchat":[]},"product_brand":[],"product_cat":[93,68],"product_tag":[21,78,27,25,75,79,80,30],"class_list":{"0":"post-1838","1":"product","2":"type-product","3":"status-publish","4":"has-post-thumbnail","6":"product_cat-mais-amigos","7":"product_cat-todos","8":"product_tag-criancas","9":"product_tag-doacao","10":"product_tag-educacao-infantil","11":"product_tag-ensino-fundamental","12":"product_tag-familia","13":"product_tag-inclusao","14":"product_tag-solidariedade","15":"product_tag-sustentabilidade","16":"latest_post","18":"first","19":"instock","20":"shipping-taxable","21":"purchasable","22":"product-type-simple","23":"add-to-wishlist-after_add_to_cart"},"_links":{"self":[{"href":"https:\/\/maisativos.com.br\/loja\/wp-json\/wp\/v2\/product\/1838","targetHints":{"allow":["GET"]}}],"collection":[{"href":"https:\/\/maisativos.com.br\/loja\/wp-json\/wp\/v2\/product"}],"about":[{"href":"https:\/\/maisativos.com.br\/loja\/wp-json\/wp\/v2\/types\/product"}],"wp:featuredmedia":[{"embeddable":true,"href":"https:\/\/maisativos.com.br\/loja\/wp-json\/wp\/v2\/media\/1839"}],"wp:attachment":[{"href":"https:\/\/maisativos.com.br\/loja\/wp-json\/wp\/v2\/media?parent=1838"}],"wp:term":[{"taxonomy":"product_brand","embeddable":true,"href":"https:\/\/maisativos.com.br\/loja\/wp-json\/wp\/v2\/product_brand?post=1838"},{"taxonomy":"product_cat","embeddable":true,"href":"https:\/\/maisativos.com.br\/loja\/wp-json\/wp\/v2\/product_cat?post=1838"},{"taxonomy":"product_tag","embeddable":true,"href":"https:\/\/maisativos.com.br\/loja\/wp-json\/wp\/v2\/product_tag?post=1838"}],"curies":[{"name":"wp","href":"https:\/\/api.w.org\/{rel}","templated":true}]}}