{"id":1826,"date":"2019-03-26T20:27:37","date_gmt":"2019-03-26T23:27:37","guid":{"rendered":"https:\/\/maisativos.com.br\/loja\/?post_type=product&#038;p=1826"},"modified":"2024-10-15T10:50:59","modified_gmt":"2024-10-15T13:50:59","slug":"vida-dividida","status":"publish","type":"product","link":"https:\/\/maisativos.com.br\/loja\/produtos\/vida-dividida\/","title":{"rendered":"Vida dividida"},"content":{"rendered":"<p>Flora tem pais separados j\u00e1 faz um tempinho&#8230; por isso, precisou se acostumar com essa divis\u00e3o de seu caminho. Se soubessem como \u00e9 dif\u00edcil se sentir algu\u00e9m que n\u00e3o \u00e9 de mais ningu\u00e9m! Mas Flora toma coragem e desabafa em confiss\u00e3o. Docemente, ela acredita na pot\u00eancia da afei\u00e7\u00e3o.<br \/>\nLeia o livro e descubra a hist\u00f3ria de Flora. Pode haver uma hist\u00f3ria igualzinha perto de voc\u00ea.<\/p>\n<p><strong>Autora:<\/strong>\u00a0Fernanda de Oliveira<br \/>\n<strong>Ilustra\u00e7\u00f5es:<\/strong>\u00a0Romont Willy<br \/>\n<strong>ISBN:<\/strong>\u00a0978-65-80082-00-1 (Peso 120g)<br \/>\n<strong>Formato:<\/strong>\u00a021 x 28cm. Ilustrado, 20 p\u00e1ginas.<br \/>\n<strong>\u2028Editora:<\/strong>\u00a0Mais ativos<br \/>\n<strong>Selo editorial:<\/strong> Mais Amigos<br \/>\n<strong>Edi\u00e7\u00e3o atual:<\/strong>\u00a01a (Lan\u00e7amento)<br \/>\n<strong>Indica\u00e7\u00e3o:<\/strong> educa\u00e7\u00e3o infantil e ensino fundamental, anos iniciais; EI03, EF14.<\/p>\n","protected":false},"excerpt":{"rendered":"<p>Flora tem pais separados j\u00e1 faz um tempinho&#8230; por isso, precisou se acostumar com essa divis\u00e3o de seu caminho. Se soubessem como \u00e9 dif\u00edcil se sentir algu\u00e9m que n\u00e3o \u00e9 de mais ningu\u00e9m! Mas Flora toma coragem e desabafa em confiss\u00e3o. Docemente, ela acredita na pot\u00eancia da afei\u00e7\u00e3o.<\/p>\n","protected":false},"featured_media":1827,"template":"","meta":{"_joinchat":[]},"product_brand":[],"product_cat":[93,68],"product_tag":[74,21,27,25,72,73],"class_list":{"0":"post-1826","1":"product","2":"type-product","3":"status-publish","4":"has-post-thumbnail","6":"product_cat-mais-amigos","7":"product_cat-todos","8":"product_tag-bullying","9":"product_tag-criancas","10":"product_tag-educacao-infantil","11":"product_tag-ensino-fundamental","12":"product_tag-separacao","13":"product_tag-separacao-dos-pais","14":"latest_post","16":"first","17":"instock","18":"shipping-taxable","19":"purchasable","20":"product-type-simple","21":"add-to-wishlist-after_add_to_cart"},"_links":{"self":[{"href":"https:\/\/maisativos.com.br\/loja\/wp-json\/wp\/v2\/product\/1826","targetHints":{"allow":["GET"]}}],"collection":[{"href":"https:\/\/maisativos.com.br\/loja\/wp-json\/wp\/v2\/product"}],"about":[{"href":"https:\/\/maisativos.com.br\/loja\/wp-json\/wp\/v2\/types\/product"}],"wp:featuredmedia":[{"embeddable":true,"href":"https:\/\/maisativos.com.br\/loja\/wp-json\/wp\/v2\/media\/1827"}],"wp:attachment":[{"href":"https:\/\/maisativos.com.br\/loja\/wp-json\/wp\/v2\/media?parent=1826"}],"wp:term":[{"taxonomy":"product_brand","embeddable":true,"href":"https:\/\/maisativos.com.br\/loja\/wp-json\/wp\/v2\/product_brand?post=1826"},{"taxonomy":"product_cat","embeddable":true,"href":"https:\/\/maisativos.com.br\/loja\/wp-json\/wp\/v2\/product_cat?post=1826"},{"taxonomy":"product_tag","embeddable":true,"href":"https:\/\/maisativos.com.br\/loja\/wp-json\/wp\/v2\/product_tag?post=1826"}],"curies":[{"name":"wp","href":"https:\/\/api.w.org\/{rel}","templated":true}]}}

<p>Flora tem pais separados já faz um tempinho&#8230; por isso, precisou se acostumar com essa divisão de seu caminho. Se soubessem como é difícil se sentir alguém que não é de mais ninguém! Mas Flora toma coragem e desabafa em confissão. Docemente, ela acredita na potência da afeição.<br />
Leia o livro e descubra a história de Flora. Pode haver uma história igualzinha perto de você.</p>
<p><strong>Autora:</strong> Fernanda de Oliveira<br />
<strong>Ilustrações:</strong> Romont Willy<br />
<strong>ISBN:</strong> 978-65-80082-00-1 (Peso 120g)<br />
<strong>Formato:</strong> 21 x 28cm. Ilustrado, 20 páginas.<br />
<strong> Editora:</strong> Mais ativos<br />
<strong>Selo editorial:</strong> Mais Amigos<br />
<strong>Edição atual:</strong> 1a (Lançamento)<br />
<strong>Indicação:</strong> educação infantil e ensino fundamental, anos iniciais; EI03, EF14.</p>

<p>Flora tem pais separados já faz um tempinho&#8230; por isso, precisou se acostumar com essa divisão de seu caminho. Se soubessem como é difícil se sentir alguém que não é de mais ninguém! Mas Flora toma coragem e desabafa em confissão. Docemente, ela acredita na potência da afeição.</p>
