{"id":18124,"date":"2023-12-19T10:00:05","date_gmt":"2023-12-19T13:00:05","guid":{"rendered":"https:\/\/maisativos.com.br\/loja\/?post_type=product&#038;p=18124"},"modified":"2025-12-16T14:21:59","modified_gmt":"2025-12-16T17:21:59","slug":"construindo-valores-9o-ano-6a-edicao","status":"publish","type":"product","link":"https:\/\/maisativos.com.br\/loja\/produtos\/construindo-valores-9o-ano-6a-edicao\/","title":{"rendered":"Construindo Valores, 9\u00ba ano &#8211; 6\u00aa edi\u00e7\u00e3o."},"content":{"rendered":"<p>Os livros da Cole\u00e7\u00e3o Educa\u00e7\u00e3o Financeira e Empreendedorismo, do 1\u00ba ao 9\u00ba ano, foram desenvolvidos com par\u00e2metros modernos da educa\u00e7\u00e3o financeira e da pedagogia. Cada assunto e\u0301 apresentado de maneira independente, n\u00e3o sequencial e relacionado a par\u00e2metros curriculares de cada s\u00e9rie, conforme a Base Nacional Comum Curricular (BNCC). Assim, professores de diversas disciplinas podem trabalhar com o mesmo material, associando-o ao planejamento espec\u00edfico para enriquecer as atividades com os alunos.<\/p>\n<p>Sustentabilidade, valores, empreendedorismo, \u00e9tica, cidadania e inova\u00e7\u00e3o no ensino marcam presen\u00e7a nesta cole\u00e7\u00e3o. Assuntos, personalidades e instrumentos da atualidade auxiliam na conex\u00e3o do aluno com o material.<\/p>\n<p><strong>Autor:<\/strong>\u00a0\u00c1lvaro Modernell e outros<br \/>\n<strong>Formato:<\/strong>\u00a021 x 28 cm. Ilustrado.<br \/>\n<strong>Editora:<\/strong>\u00a0Mais ativos<\/p>\n<p><strong>Informa\u00e7\u00f5es adicionais<\/strong><\/p>\n<table width=\"1120\">\n<tbody>\n<tr>\n<td width=\"150\"><strong>Edi\u00e7\u00e3o atual<\/strong><\/td>\n<td>6\u00aa 2023<\/td>\n<\/tr>\n<tr>\n<td width=\"150\"><strong>P\u00e1ginas<\/strong><\/td>\n<td>68<\/td>\n<\/tr>\n<tr>\n<td width=\"150\"><strong>Peso<\/strong><\/td>\n<td>150 g<\/td>\n<\/tr>\n<tr>\n<td width=\"150\"><strong>Dimens\u00f5es<\/strong><\/td>\n<td>\u00a021 \u00d7 28 cm<\/td>\n<\/tr>\n<\/tbody>\n<\/table>\n<p><strong>Edi\u00e7\u00e3o atual: 6\u00aa<\/strong> (Aten\u00e7\u00e3o: para uso escolar, N\u00c3O servem edi\u00e7\u00f5es anteriores)<\/p>\n","protected":false},"excerpt":{"rendered":"<p>Os livros da Cole\u00e7\u00e3o Educa\u00e7\u00e3o Financeira e Empreendedorismo, do 1\u00ba ao 9\u00ba ano, foram desenvolvidos com par\u00e2metros modernos da educa\u00e7\u00e3o financeira e da pedagogia. Cada assunto e\u0301 apresentado de maneira independente, n\u00e3o sequencial e relacionado a par\u00e2metros curriculares de cada s\u00e9rie, conforme a Base Nacional Comum Curricular (BNCC). Assim, professores de diversas disciplinas podem trabalhar com o mesmo material, associando-o ao planejamento espec\u00edfico para enriquecer as atividades com os alunos.<\/p>\n","protected":false},"featured_media":18125,"template":"","meta":{"_joinchat":[]},"product_brand":[],"product_cat":[164,95,68],"product_tag":[],"class_list":{"0":"post-18124","1":"product","2":"type-product","3":"status-publish","4":"has-post-thumbnail","6":"product_cat-colecao-educacao-financeira-e-empreendedorismo","7":"product_cat-mais-ativos","8":"product_cat-todos","9":"latest_post","11":"first","12":"instock","13":"shipping-taxable","14":"purchasable","15":"product-type-simple","16":"add-to-wishlist-after_add_to_cart"},"_links":{"self":[{"href":"https:\/\/maisativos.com.br\/loja\/wp-json\/wp\/v2\/product\/18124","targetHints":{"allow":["GET"]}}],"collection":[{"href":"https:\/\/maisativos.com.br\/loja\/wp-json\/wp\/v2\/product"}],"about":[{"href":"https:\/\/maisativos.com.br\/loja\/wp-json\/wp\/v2\/types\/product"}],"wp:featuredmedia":[{"embeddable":true,"href":"https:\/\/maisativos.com.br\/loja\/wp-json\/wp\/v2\/media\/18125"}],"wp:attachment":[{"href":"https:\/\/maisativos.com.br\/loja\/wp-json\/wp\/v2\/media?parent=18124"}],"wp:term":[{"taxonomy":"product_brand","embeddable":true,"href":"https:\/\/maisativos.com.br\/loja\/wp-json\/wp\/v2\/product_brand?post=18124"},{"taxonomy":"product_cat","embeddable":true,"href":"https:\/\/maisativos.com.br\/loja\/wp-json\/wp\/v2\/product_cat?post=18124"},{"taxonomy":"product_tag","embeddable":true,"href":"https:\/\/maisativos.com.br\/loja\/wp-json\/wp\/v2\/product_tag?post=18124"}],"curies":[{"name":"wp","href":"https:\/\/api.w.org\/{rel}","templated":true}]}}