{"id":18047,"date":"2023-08-29T09:39:20","date_gmt":"2023-08-29T12:39:20","guid":{"rendered":"https:\/\/maisativos.com.br\/loja\/?post_type=product&#038;p=18047"},"modified":"2025-08-31T17:14:44","modified_gmt":"2025-08-31T20:14:44","slug":"educacao-artistica-e-musical-vol-2","status":"publish","type":"product","link":"https:\/\/maisativos.com.br\/loja\/produtos\/educacao-artistica-e-musical-vol-2\/","title":{"rendered":"Educa\u00e7\u00e3o Art\u00edstica e Musical &#8211; Vol 2"},"content":{"rendered":"<p>Autora: Maria Am\u00e9lia El\u00f3i<br \/>\nIlustra\u00e7\u00f5es: Andr\u00e9 Cerino<br \/>\nTemas: artes, m\u00fasica, educa\u00e7\u00e3o<br \/>\nart\u00edstica, cultura.<br \/>\nIndica\u00e7\u00e3o: Educa\u00e7\u00e3o infantil<br \/>\n(EI) e anos iniciais do Ensino<br \/>\nFundamental (EF23).<br \/>\n60 p\u00e1ginas, 21cm x 26cm<\/p>\n<p>BNCC: atende ao Campo de Experi\u00eancias na Educa\u00e7\u00e3o Infantil O eu, o<br \/>\noutro e o n\u00f3s e a Objetivos de Aprendizagens e Desenvolvimento de v\u00e1rias<br \/>\n\u00e1reas de conhecimento do 2\u00ba e 3\u00ba ano do Ensino Fundamental.<\/p>\n","protected":false},"excerpt":{"rendered":"<p>Obra indicada para apoio ao ensino e \u00e0 sensibiliza\u00e7\u00e3o sobre a<br \/>\nimport\u00e2ncia das artes em nossas vidas e na forma\u00e7\u00e3o cultural das<br \/>\ncrian\u00e7as. Destaque para a terceira arte, a m\u00fasica, e para os personagens de A turma do Caracol, que tornam o material interativo<br \/>\nenriquecido por m\u00fasicas e muitas cores.<\/p>\n","protected":false},"featured_media":18048,"template":"","meta":{"_joinchat":[]},"product_brand":[],"product_cat":[182,181,165,93,180],"product_tag":[82,145],"class_list":{"0":"post-18047","1":"product","2":"type-product","3":"status-publish","4":"has-post-thumbnail","6":"product_cat-cultura","7":"product_cat-educacao-artistica","8":"product_cat-lancamentos","9":"product_cat-mais-amigos","10":"product_cat-musica","11":"product_tag-cultura-brasileira","12":"product_tag-musicalizacao","13":"latest_post","15":"first","16":"instock","17":"shipping-taxable","18":"purchasable","19":"product-type-simple","20":"add-to-wishlist-after_add_to_cart"},"_links":{"self":[{"href":"https:\/\/maisativos.com.br\/loja\/wp-json\/wp\/v2\/product\/18047","targetHints":{"allow":["GET"]}}],"collection":[{"href":"https:\/\/maisativos.com.br\/loja\/wp-json\/wp\/v2\/product"}],"about":[{"href":"https:\/\/maisativos.com.br\/loja\/wp-json\/wp\/v2\/types\/product"}],"wp:featuredmedia":[{"embeddable":true,"href":"https:\/\/maisativos.com.br\/loja\/wp-json\/wp\/v2\/media\/18048"}],"wp:attachment":[{"href":"https:\/\/maisativos.com.br\/loja\/wp-json\/wp\/v2\/media?parent=18047"}],"wp:term":[{"taxonomy":"product_brand","embeddable":true,"href":"https:\/\/maisativos.com.br\/loja\/wp-json\/wp\/v2\/product_brand?post=18047"},{"taxonomy":"product_cat","embeddable":true,"href":"https:\/\/maisativos.com.br\/loja\/wp-json\/wp\/v2\/product_cat?post=18047"},{"taxonomy":"product_tag","embeddable":true,"href":"https:\/\/maisativos.com.br\/loja\/wp-json\/wp\/v2\/product_tag?post=18047"}],"curies":[{"name":"wp","href":"https:\/\/api.w.org\/{rel}","templated":true}]}}

Educação Artística e Musical &#8211; Vol 2

<p>Autora: Maria Amélia Elói<br />
Ilustrações: André Cerino<br />
Temas: artes, música, educação<br />
artística, cultura.<br />
Indicação: Educação infantil<br />
(EI) e anos iniciais do Ensino<br />
Fundamental (EF23).<br />
60 páginas, 21cm x 26cm</p>
<p>BNCC: atende ao Campo de Experiências na Educação Infantil O eu, o<br />
outro e o nós e a Objetivos de Aprendizagens e Desenvolvimento de várias<br />
áreas de conhecimento do 2º e 3º ano do Ensino Fundamental.</p>

<p>Obra indicada para apoio ao ensino e à sensibilização sobre a<br />
importância das artes em nossas vidas e na formação cultural das<br />
crianças. Destaque para a terceira arte, a música, e para os personagens de A turma do Caracol, que tornam o material interativo<br />
enriquecido por músicas e muitas cores.</p>
