{"id":17784,"date":"2023-02-06T23:04:06","date_gmt":"2023-02-07T02:04:06","guid":{"rendered":"https:\/\/maisativos.com.br\/loja\/?post_type=product&#038;p=17784"},"modified":"2025-09-01T09:00:58","modified_gmt":"2025-09-01T12:00:58","slug":"o-barato-da-dona-baratinha","status":"publish","type":"product","link":"https:\/\/maisativos.com.br\/loja\/produtos\/o-barato-da-dona-baratinha\/","title":{"rendered":"O barato da Dona Baratinha"},"content":{"rendered":"<p>Dona Baratinha gostava muito de economizar. Economizava em tudo, para poder comprar mais. Dona Baratinha achava que era econ\u00f4mica. Sempre comprava o produto mais barato da prateleira. Mas o seu dinheiro nunca sobrava no final do m\u00eas e ela n\u00e3o entendia o que estava fazendo de errado. Vamos descobrir e aprender com ela?<\/p>\n<p><strong>Autor(a):<\/strong> Paula Andrade<br \/>\n<strong>Ilustra\u00e7\u00f5es:<\/strong> Romont Willy<br \/>\n<strong>Formato:<\/strong> 21 x 26cm. Ilustrado, 36 p\u00e1ginas.<br \/>\n<strong>Editora:<\/strong> Mais Ativos<br \/>\n<strong>Indica\u00e7\u00e3o:<\/strong> anos iniciais do ensino fundamental, fam\u00edlias<\/p>\n","protected":false},"excerpt":{"rendered":"<p>Dona Baratinha gostava muito de economizar. Economizava em tudo, para poder comprar mais. Dona Baratinha achava que era econ\u00f4mica. Sempre comprava o produto mais barato da prateleira. Mas o seu dinheiro nunca sobrava no final do m\u00eas e ela n\u00e3o entendia o que estava fazendo de errado. Vamos descobrir e aprender com ela?<\/p>\n","protected":false},"featured_media":17786,"template":"","meta":{"_joinchat":[]},"product_brand":[],"product_cat":[165,95,68],"product_tag":[70,22,123],"class_list":{"0":"post-17784","1":"product","2":"type-product","3":"status-publish","4":"has-post-thumbnail","6":"product_cat-lancamentos","7":"product_cat-mais-ativos","8":"product_cat-todos","9":"product_tag-consumo-consciente","10":"product_tag-educacao-financeira","11":"product_tag-escola","12":"latest_post","14":"first","15":"instock","16":"shipping-taxable","17":"purchasable","18":"product-type-simple","19":"add-to-wishlist-after_add_to_cart"},"_links":{"self":[{"href":"https:\/\/maisativos.com.br\/loja\/wp-json\/wp\/v2\/product\/17784","targetHints":{"allow":["GET"]}}],"collection":[{"href":"https:\/\/maisativos.com.br\/loja\/wp-json\/wp\/v2\/product"}],"about":[{"href":"https:\/\/maisativos.com.br\/loja\/wp-json\/wp\/v2\/types\/product"}],"wp:featuredmedia":[{"embeddable":true,"href":"https:\/\/maisativos.com.br\/loja\/wp-json\/wp\/v2\/media\/17786"}],"wp:attachment":[{"href":"https:\/\/maisativos.com.br\/loja\/wp-json\/wp\/v2\/media?parent=17784"}],"wp:term":[{"taxonomy":"product_brand","embeddable":true,"href":"https:\/\/maisativos.com.br\/loja\/wp-json\/wp\/v2\/product_brand?post=17784"},{"taxonomy":"product_cat","embeddable":true,"href":"https:\/\/maisativos.com.br\/loja\/wp-json\/wp\/v2\/product_cat?post=17784"},{"taxonomy":"product_tag","embeddable":true,"href":"https:\/\/maisativos.com.br\/loja\/wp-json\/wp\/v2\/product_tag?post=17784"}],"curies":[{"name":"wp","href":"https:\/\/api.w.org\/{rel}","templated":true}]}}