{"id":17781,"date":"2023-02-06T23:00:39","date_gmt":"2023-02-07T02:00:39","guid":{"rendered":"https:\/\/maisativos.com.br\/loja\/?post_type=product&#038;p=17781"},"modified":"2025-08-31T17:04:48","modified_gmt":"2025-08-31T20:04:48","slug":"gente-diferente-e-interessante","status":"publish","type":"product","link":"https:\/\/maisativos.com.br\/loja\/produtos\/gente-diferente-e-interessante\/","title":{"rendered":"Gente diferente e interessante"},"content":{"rendered":"<p>A obra enfatiza a necessidade do reconhecimento e do respeito \u00e0s diferen\u00e7as inerentes a todo ser humano. O tema permeia a hist\u00f3ria de um cachorro e de um gato que querem mudar por n\u00e3o estarem satisfeitos com seu jeito de ser. Outros personagens entram na hist\u00f3ria, numa tentativa de fazer com que eles se aceitem e descubram que s\u00e3o importantes, especialmente pelas suas diferen\u00e7as. A hist\u00f3ria \u00e9 contada em versos de cordel por Tia Aurora, uma contadora de hist\u00f3rias que tem o poder e a magia de juntar as pessoas para ouvi-la, despertando encantamento e colocando em cena a imagina\u00e7\u00e3o.<\/p>\n<p><strong>Autor(a):<\/strong> Rose Costa<br \/>\n<strong>Ilustra\u00e7\u00f5es:<\/strong> J\u00f4 Oliveira<br \/>\n<strong>Formato:<\/strong> 21 x 26cm. Ilustrado, 36 p\u00e1ginas.<br \/>\n<strong>Editora:<\/strong> Editora Mais Amigos<br \/>\n<strong>Indica\u00e7\u00e3o:<\/strong> infantojuvenil, ensino fundamental<\/p>\n","protected":false},"excerpt":{"rendered":"<p>A obra enfatiza a necessidade do reconhecimento e do respeito \u00e0s diferen\u00e7as inerentes a todo ser humano. O tema permeia a hist\u00f3ria de um cachorro e de um gato que querem mudar por n\u00e3o estarem satisfeitos com seu jeito de ser. Outros personagens entram na hist\u00f3ria, numa tentativa de fazer com que eles se aceitem e descubram que s\u00e3o importantes, especialmente pelas suas diferen\u00e7as. A hist\u00f3ria \u00e9 contada em versos de cordel por Tia Aurora, uma contadora de hist\u00f3rias que tem o poder e a magia de juntar as pessoas para ouvi-la, despertando encantamento e colocando em cena a imagina\u00e7\u00e3o.<\/p>\n","protected":false},"featured_media":17782,"template":"","meta":{"_joinchat":[]},"product_brand":[],"product_cat":[165,93,68],"product_tag":[176,88,177],"class_list":{"0":"post-17781","1":"product","2":"type-product","3":"status-publish","4":"has-post-thumbnail","6":"product_cat-lancamentos","7":"product_cat-mais-amigos","8":"product_cat-todos","9":"product_tag-cultura-regional","10":"product_tag-diversidade","11":"product_tag-nordeste","12":"latest_post","14":"first","15":"instock","16":"shipping-taxable","17":"purchasable","18":"product-type-simple","19":"add-to-wishlist-after_add_to_cart"},"_links":{"self":[{"href":"https:\/\/maisativos.com.br\/loja\/wp-json\/wp\/v2\/product\/17781","targetHints":{"allow":["GET"]}}],"collection":[{"href":"https:\/\/maisativos.com.br\/loja\/wp-json\/wp\/v2\/product"}],"about":[{"href":"https:\/\/maisativos.com.br\/loja\/wp-json\/wp\/v2\/types\/product"}],"wp:featuredmedia":[{"embeddable":true,"href":"https:\/\/maisativos.com.br\/loja\/wp-json\/wp\/v2\/media\/17782"}],"wp:attachment":[{"href":"https:\/\/maisativos.com.br\/loja\/wp-json\/wp\/v2\/media?parent=17781"}],"wp:term":[{"taxonomy":"product_brand","embeddable":true,"href":"https:\/\/maisativos.com.br\/loja\/wp-json\/wp\/v2\/product_brand?post=17781"},{"taxonomy":"product_cat","embeddable":true,"href":"https:\/\/maisativos.com.br\/loja\/wp-json\/wp\/v2\/product_cat?post=17781"},{"taxonomy":"product_tag","embeddable":true,"href":"https:\/\/maisativos.com.br\/loja\/wp-json\/wp\/v2\/product_tag?post=17781"}],"curies":[{"name":"wp","href":"https:\/\/api.w.org\/{rel}","templated":true}]}}

<p>A obra enfatiza a necessidade do reconhecimento e do respeito às diferenças inerentes a todo ser humano. O tema permeia a história de um cachorro e de um gato que querem mudar por não estarem satisfeitos com seu jeito de ser. Outros personagens entram na história, numa tentativa de fazer com que eles se aceitem e descubram que são importantes, especialmente pelas suas diferenças. A história é contada em versos de cordel por Tia Aurora, uma contadora de histórias que tem o poder e a magia de juntar as pessoas para ouvi-la, despertando encantamento e colocando em cena a imaginação.</p>
<p><strong>Autor(a):</strong> Rose Costa<br />
<strong>Ilustrações:</strong> Jô Oliveira<br />
<strong>Formato:</strong> 21 x 26cm. Ilustrado, 36 páginas.<br />
<strong>Editora:</strong> Editora Mais Amigos<br />
<strong>Indicação:</strong> infantojuvenil, ensino fundamental</p>

<p>A obra enfatiza a necessidade do reconhecimento e do respeito às diferenças inerentes a todo ser humano. O tema permeia a história de um cachorro e de um gato que querem mudar por não estarem satisfeitos com seu jeito de ser. Outros personagens entram na história, numa tentativa de fazer com que eles se aceitem e descubram que são importantes, especialmente pelas suas diferenças. A história é contada em versos de cordel por Tia Aurora, uma contadora de histórias que tem o poder e a magia de juntar as pessoas para ouvi-la, despertando encantamento e colocando em cena a imaginação.</p>
