{"id":17773,"date":"2023-02-06T22:50:05","date_gmt":"2023-02-07T01:50:05","guid":{"rendered":"https:\/\/maisativos.com.br\/loja\/?post_type=product&#038;p=17773"},"modified":"2025-08-31T17:09:18","modified_gmt":"2025-08-31T20:09:18","slug":"o-poeta-brincalhao","status":"publish","type":"product","link":"https:\/\/maisativos.com.br\/loja\/produtos\/o-poeta-brincalhao\/","title":{"rendered":"O poeta brincalh\u00e3o"},"content":{"rendered":"<p>Um lindo conjunto de poemas rimados e divertidos. O poeta brincalh\u00e3o \u00e9 uma obra voltada para o p\u00fablico infantil, especialmente anos iniciais do ensino fundamental<\/p>\n<p><strong>Autor(a):<\/strong> Kalunga<br \/>\n<strong>Ilustra\u00e7\u00f5es:<\/strong> Oscar Reinstein<br \/>\n<strong>Formato:<\/strong> 21 x 26cm. Ilustrado, 32 p\u00e1ginas.<br \/>\n<strong>Editora:<\/strong> Editora Mais Amigos<br \/>\n<strong>Indica\u00e7\u00e3o:<\/strong> educa\u00e7\u00e3o infantil e anos iniciais do ensino fundamental<\/p>\n","protected":false},"excerpt":{"rendered":"<p>Um lindo conjunto de poemas rimados e divertidos. O poeta brincalh\u00e3o \u00e9 uma obra voltada para o p\u00fablico infantil, especialmente anos iniciais do ensino fundamental<\/p>\n","protected":false},"featured_media":17774,"template":"","meta":{"_joinchat":[]},"product_brand":[],"product_cat":[165,93,68],"product_tag":[169,168,170],"class_list":{"0":"post-17773","1":"product","2":"type-product","3":"status-publish","4":"has-post-thumbnail","6":"product_cat-lancamentos","7":"product_cat-mais-amigos","8":"product_cat-todos","9":"product_tag-brincadeiras","10":"product_tag-poemas","11":"product_tag-rimas","12":"latest_post","14":"first","15":"instock","16":"shipping-taxable","17":"purchasable","18":"product-type-simple","19":"add-to-wishlist-after_add_to_cart"},"_links":{"self":[{"href":"https:\/\/maisativos.com.br\/loja\/wp-json\/wp\/v2\/product\/17773","targetHints":{"allow":["GET"]}}],"collection":[{"href":"https:\/\/maisativos.com.br\/loja\/wp-json\/wp\/v2\/product"}],"about":[{"href":"https:\/\/maisativos.com.br\/loja\/wp-json\/wp\/v2\/types\/product"}],"wp:featuredmedia":[{"embeddable":true,"href":"https:\/\/maisativos.com.br\/loja\/wp-json\/wp\/v2\/media\/17774"}],"wp:attachment":[{"href":"https:\/\/maisativos.com.br\/loja\/wp-json\/wp\/v2\/media?parent=17773"}],"wp:term":[{"taxonomy":"product_brand","embeddable":true,"href":"https:\/\/maisativos.com.br\/loja\/wp-json\/wp\/v2\/product_brand?post=17773"},{"taxonomy":"product_cat","embeddable":true,"href":"https:\/\/maisativos.com.br\/loja\/wp-json\/wp\/v2\/product_cat?post=17773"},{"taxonomy":"product_tag","embeddable":true,"href":"https:\/\/maisativos.com.br\/loja\/wp-json\/wp\/v2\/product_tag?post=17773"}],"curies":[{"name":"wp","href":"https:\/\/api.w.org\/{rel}","templated":true}]}}