{"id":17767,"date":"2023-02-06T22:34:27","date_gmt":"2023-02-07T01:34:27","guid":{"rendered":"https:\/\/maisativos.com.br\/loja\/?post_type=product&#038;p=17767"},"modified":"2024-04-04T15:27:00","modified_gmt":"2024-04-04T18:27:00","slug":"monstrorante","status":"publish","type":"product","link":"https:\/\/maisativos.com.br\/loja\/produtos\/monstrorante\/","title":{"rendered":"Monstrorante"},"content":{"rendered":"<p>No MONTRORANTE, o card\u00e1pio \u00e9 diferente, aterrorizante. O cliente, ningu\u00e9m menos do que o Bicho-Pap\u00e3o, pergunta pelas novidades. Est\u00e1 atr\u00e1s de crian\u00e7as levadas que n\u00e3o escovam os dentes, maltratam animais e n\u00e3o gostam de estudar. Ser\u00e1 que o gar\u00e7om Z\u00e9 Chul\u00e9 vai ter o que ele quer? O final \u00e9 surpreendente.<\/p>\n<p><strong>Autor(a):<\/strong> Gisele Frederizzi<\/p>\n<p><strong>Ilustra\u00e7\u00f5es:<\/strong> Gisele Frederizzi<\/p>\n<p><strong>Formato:<\/strong> 21 x 21cm. Ilustrado, 24 p\u00e1ginas.<\/p>\n<p><strong>Editora:<\/strong> Editora Mais Amigos<\/p>\n<p><strong>Indica\u00e7\u00e3o:<\/strong> educa\u00e7\u00e3o infantil, 1\u00ba ano, fam\u00edlias.<\/p>\n","protected":false},"excerpt":{"rendered":"<p>No MONTRORANTE, o card\u00e1pio \u00e9 diferente, aterrorizante. O cliente, ningu\u00e9m menos do que o Bicho-Pap\u00e3o, pergunta pelas novidades. Est\u00e1 atr\u00e1s de crian\u00e7as levadas que n\u00e3o escovam os dentes, maltratam animais e n\u00e3o gostam de estudar. Ser\u00e1 que o gar\u00e7om Z\u00e9 Chul\u00e9 vai ter o que ele quer? O final \u00e9 surpreendente<\/p>\n","protected":false},"featured_media":17772,"template":"","meta":{"_joinchat":[]},"product_brand":[],"product_cat":[165,93,68],"product_tag":[101,75,152,166],"class_list":{"0":"post-17767","1":"product","2":"type-product","3":"status-publish","4":"has-post-thumbnail","6":"product_cat-lancamentos","7":"product_cat-mais-amigos","8":"product_cat-todos","9":"product_tag-emocoes","10":"product_tag-familia","11":"product_tag-leitura","12":"product_tag-monstros","13":"latest_post","15":"first","16":"instock","17":"shipping-taxable","18":"purchasable","19":"product-type-simple","20":"add-to-wishlist-after_add_to_cart"},"_links":{"self":[{"href":"https:\/\/maisativos.com.br\/loja\/wp-json\/wp\/v2\/product\/17767","targetHints":{"allow":["GET"]}}],"collection":[{"href":"https:\/\/maisativos.com.br\/loja\/wp-json\/wp\/v2\/product"}],"about":[{"href":"https:\/\/maisativos.com.br\/loja\/wp-json\/wp\/v2\/types\/product"}],"wp:featuredmedia":[{"embeddable":true,"href":"https:\/\/maisativos.com.br\/loja\/wp-json\/wp\/v2\/media\/17772"}],"wp:attachment":[{"href":"https:\/\/maisativos.com.br\/loja\/wp-json\/wp\/v2\/media?parent=17767"}],"wp:term":[{"taxonomy":"product_brand","embeddable":true,"href":"https:\/\/maisativos.com.br\/loja\/wp-json\/wp\/v2\/product_brand?post=17767"},{"taxonomy":"product_cat","embeddable":true,"href":"https:\/\/maisativos.com.br\/loja\/wp-json\/wp\/v2\/product_cat?post=17767"},{"taxonomy":"product_tag","embeddable":true,"href":"https:\/\/maisativos.com.br\/loja\/wp-json\/wp\/v2\/product_tag?post=17767"}],"curies":[{"name":"wp","href":"https:\/\/api.w.org\/{rel}","templated":true}]}}