{"id":16716,"date":"2022-07-12T18:20:14","date_gmt":"2022-07-12T21:20:14","guid":{"rendered":"https:\/\/maisativos.com.br\/loja\/?post_type=product&#038;p=16716"},"modified":"2025-08-31T17:02:33","modified_gmt":"2025-08-31T20:02:33","slug":"criancas-descalcas","status":"publish","type":"product","link":"https:\/\/maisativos.com.br\/loja\/produtos\/criancas-descalcas\/","title":{"rendered":"Crian\u00e7as descal\u00e7as"},"content":{"rendered":"<p>Maria tem 57 pares de sapatos. Jos\u00e9 tem um \u00fanico par. S\u00e3o muitas as diferen\u00e7as, mas h\u00e1 muito mais semelhan\u00e7as entre as duas crian\u00e7as. Por exemplo, Maria e Jos\u00e9 adoram andar descal\u00e7os. Tamb\u00e9m gostam de momentos macios, capas de super-her\u00f3is, chap\u00e9us engra\u00e7ados, comidas saborosas. Um dia, as duas crian\u00e7as v\u00e3o \u00e0 praia e o acaso faz com que se conhe\u00e7am de forma inusitada. Brincando, elas descobrem quantos sentimentos gostosos podem estar presentes na areia, nos olhos, nas m\u00e3os e em p\u00e9s descal\u00e7os de preconceito&#8230;<\/p>\n<p><strong>Autor(a):<\/strong> Jonas Ribeiro<br \/>\n<strong>Ilustra\u00e7\u00f5es:<\/strong> Victor Tavares<br \/>\n<strong>Formato:<\/strong> 21 x 26cm. Ilustrado, 36 p\u00e1ginas.<br \/>\n<strong>Editora:<\/strong> Mais Amigos<br \/>\n<strong>Indica\u00e7\u00e3o:<\/strong> ensino fundamental 4\u00ba a 6\u00ba ano; a partir dos 9 anos.<\/p>\n","protected":false},"excerpt":{"rendered":"<p>Maria tem 57 pares de sapatos. Jos\u00e9 tem um \u00fanico par. S\u00e3o muitas as diferen\u00e7as, mas h\u00e1 muito mais semelhan\u00e7as entre as duas crian\u00e7as. Por exemplo, Maria e Jos\u00e9 adoram andar descal\u00e7os. Tamb\u00e9m gostam de momentos macios, capas de super-her\u00f3is, chap\u00e9us engra\u00e7ados, comidas saborosas. Um dia, as duas crian\u00e7as v\u00e3o \u00e0 praia e o acaso faz com que se conhe\u00e7am de forma inusitada. Brincando, elas descobrem quantos sentimentos gostosos podem estar presentes na areia, nos olhos, nas m\u00e3os e em p\u00e9s descal\u00e7os de preconceito&#8230;<\/p>\n","protected":false},"featured_media":16717,"template":"","meta":{"_joinchat":{"message_text":"Ol\u00e1! Tudo bem?\nTem alguma d\u00favida sobre esse ou outro livro? Pode nos chamar por aqui."}},"product_brand":[],"product_cat":[93,68],"product_tag":[88,75,152,108],"class_list":{"0":"post-16716","1":"product","2":"type-product","3":"status-publish","4":"has-post-thumbnail","6":"product_cat-mais-amigos","7":"product_cat-todos","8":"product_tag-diversidade","9":"product_tag-familia","10":"product_tag-leitura","11":"product_tag-sentimentos","12":"latest_post","14":"first","15":"instock","16":"shipping-taxable","17":"purchasable","18":"product-type-simple","19":"add-to-wishlist-after_add_to_cart"},"_links":{"self":[{"href":"https:\/\/maisativos.com.br\/loja\/wp-json\/wp\/v2\/product\/16716","targetHints":{"allow":["GET"]}}],"collection":[{"href":"https:\/\/maisativos.com.br\/loja\/wp-json\/wp\/v2\/product"}],"about":[{"href":"https:\/\/maisativos.com.br\/loja\/wp-json\/wp\/v2\/types\/product"}],"wp:featuredmedia":[{"embeddable":true,"href":"https:\/\/maisativos.com.br\/loja\/wp-json\/wp\/v2\/media\/16717"}],"wp:attachment":[{"href":"https:\/\/maisativos.com.br\/loja\/wp-json\/wp\/v2\/media?parent=16716"}],"wp:term":[{"taxonomy":"product_brand","embeddable":true,"href":"https:\/\/maisativos.com.br\/loja\/wp-json\/wp\/v2\/product_brand?post=16716"},{"taxonomy":"product_cat","embeddable":true,"href":"https:\/\/maisativos.com.br\/loja\/wp-json\/wp\/v2\/product_cat?post=16716"},{"taxonomy":"product_tag","embeddable":true,"href":"https:\/\/maisativos.com.br\/loja\/wp-json\/wp\/v2\/product_tag?post=16716"}],"curies":[{"name":"wp","href":"https:\/\/api.w.org\/{rel}","templated":true}]}}

Crianças descalças

<p>Maria tem 57 pares de sapatos. José tem um único par. São muitas as diferenças, mas há muito mais semelhanças entre as duas crianças. Por exemplo, Maria e José adoram andar descalços. Também gostam de momentos macios, capas de super-heróis, chapéus engraçados, comidas saborosas. Um dia, as duas crianças vão à praia e o acaso faz com que se conheçam de forma inusitada. Brincando, elas descobrem quantos sentimentos gostosos podem estar presentes na areia, nos olhos, nas mãos e em pés descalços de preconceito&#8230;</p>
<p><strong>Autor(a):</strong> Jonas Ribeiro<br />
<strong>Ilustrações:</strong> Victor Tavares<br />
<strong>Formato:</strong> 21 x 26cm. Ilustrado, 36 páginas.<br />
<strong>Editora:</strong> Mais Amigos<br />
<strong>Indicação:</strong> ensino fundamental 4º a 6º ano; a partir dos 9 anos.</p>

<p>Maria tem 57 pares de sapatos. José tem um único par. São muitas as diferenças, mas há muito mais semelhanças entre as duas crianças. Por exemplo, Maria e José adoram andar descalços. Também gostam de momentos macios, capas de super-heróis, chapéus engraçados, comidas saborosas. Um dia, as duas crianças vão à praia e o acaso faz com que se conheçam de forma inusitada. Brincando, elas descobrem quantos sentimentos gostosos podem estar presentes na areia, nos olhos, nas mãos e em pés descalços de preconceito&#8230;</p>

Olá! Tudo bem?
Tem alguma dúvida sobre esse ou outro livro? Pode nos chamar por aqui.
