{"id":16691,"date":"2022-05-16T11:00:48","date_gmt":"2022-05-16T14:00:48","guid":{"rendered":"https:\/\/maisativos.com.br\/loja\/?post_type=product&#038;p=16691"},"modified":"2025-09-01T09:04:31","modified_gmt":"2025-09-01T12:04:31","slug":"a-cigarra-e-a-formiga","status":"publish","type":"product","link":"https:\/\/maisativos.com.br\/loja\/produtos\/a-cigarra-e-a-formiga\/","title":{"rendered":"A cigarra e a formiga"},"content":{"rendered":"<p>Nesta vers\u00e3o do cl\u00e1ssico, a Cigarra e a Formiga vivem uma aventura cheia de novidades. De repente, o mundo das formigas, com tudo organizado para o trabalho, recebe uma ilustre visitante que nunca pensou em fazer nada al\u00e9m de cantar e dan\u00e7ar. Ser\u00e1 que a Cigarra est\u00e1 certa? Ou ser\u00e1 a Formiga a mais esperta?<\/p>\n<p>O leitor vai ter que descobrir sozinho as dicas de educa\u00e7\u00e3o financeira e de sustentabilidade que essa hist\u00f3ria oferece em situa\u00e7\u00f5es para l\u00e1 de curiosas.<\/p>\n<p><strong>Autores<\/strong>: Alexandre Lob\u00e3o e \u00c1lvaro Modernell<br \/>\n<strong>Ilustra\u00e7\u00f5es<\/strong>: Cibele Santos<br \/>\n<strong>Formato<\/strong>: 21 x 26cm. Ilustrado, 32 p\u00e1ginas.<br \/>\n<strong>Editora<\/strong>: Mais Ativos<br \/>\n<strong>Indica\u00e7\u00e3o<\/strong>: anos iniciais do ensino fundamental, fam\u00edlias.<\/p>\n","protected":false},"excerpt":{"rendered":"<p>Nesta vers\u00e3o do cl\u00e1ssico, a Cigarra e a Formiga vivem uma aventura cheia de novidades. De repente, o mundo das formigas, com tudo organizado para o trabalho, recebe uma ilustre visitante que nunca pensou em fazer nada al\u00e9m de cantar e dan\u00e7ar. Ser\u00e1 que a Cigarra est\u00e1 certa? Ou ser\u00e1 a Formiga a mais esperta?<br \/>\nO leitor vai ter que descobrir sozinho as dicas de educa\u00e7\u00e3o financeira e de sustentabilidade que essa hist\u00f3ria oferece em situa\u00e7\u00f5es para l\u00e1 de curiosas.<\/p>\n","protected":false},"featured_media":16692,"template":"","meta":{"_joinchat":[]},"product_brand":[],"product_cat":[95,68],"product_tag":[138,22,144],"class_list":{"0":"post-16691","1":"product","2":"type-product","3":"status-publish","4":"has-post-thumbnail","6":"product_cat-mais-ativos","7":"product_cat-todos","8":"product_tag-autoestima","9":"product_tag-educacao-financeira","10":"product_tag-empreendedorismo","11":"latest_post","13":"first","14":"instock","15":"shipping-taxable","16":"purchasable","17":"product-type-simple","18":"add-to-wishlist-after_add_to_cart"},"_links":{"self":[{"href":"https:\/\/maisativos.com.br\/loja\/wp-json\/wp\/v2\/product\/16691","targetHints":{"allow":["GET"]}}],"collection":[{"href":"https:\/\/maisativos.com.br\/loja\/wp-json\/wp\/v2\/product"}],"about":[{"href":"https:\/\/maisativos.com.br\/loja\/wp-json\/wp\/v2\/types\/product"}],"wp:featuredmedia":[{"embeddable":true,"href":"https:\/\/maisativos.com.br\/loja\/wp-json\/wp\/v2\/media\/16692"}],"wp:attachment":[{"href":"https:\/\/maisativos.com.br\/loja\/wp-json\/wp\/v2\/media?parent=16691"}],"wp:term":[{"taxonomy":"product_brand","embeddable":true,"href":"https:\/\/maisativos.com.br\/loja\/wp-json\/wp\/v2\/product_brand?post=16691"},{"taxonomy":"product_cat","embeddable":true,"href":"https:\/\/maisativos.com.br\/loja\/wp-json\/wp\/v2\/product_cat?post=16691"},{"taxonomy":"product_tag","embeddable":true,"href":"https:\/\/maisativos.com.br\/loja\/wp-json\/wp\/v2\/product_tag?post=16691"}],"curies":[{"name":"wp","href":"https:\/\/api.w.org\/{rel}","templated":true}]}}

<p>Nesta versão do clássico, a Cigarra e a Formiga vivem uma aventura cheia de novidades. De repente, o mundo das formigas, com tudo organizado para o trabalho, recebe uma ilustre visitante que nunca pensou em fazer nada além de cantar e dançar. Será que a Cigarra está certa? Ou será a Formiga a mais esperta?</p>
<p>O leitor vai ter que descobrir sozinho as dicas de educação financeira e de sustentabilidade que essa história oferece em situações para lá de curiosas.</p>
<p><strong>Autores</strong>: Alexandre Lobão e Álvaro Modernell<br />
<strong>Ilustrações</strong>: Cibele Santos<br />
<strong>Formato</strong>: 21 x 26cm. Ilustrado, 32 páginas.<br />
<strong>Editora</strong>: Mais Ativos<br />
<strong>Indicação</strong>: anos iniciais do ensino fundamental, famílias.</p>

<p>Nesta versão do clássico, a Cigarra e a Formiga vivem uma aventura cheia de novidades. De repente, o mundo das formigas, com tudo organizado para o trabalho, recebe uma ilustre visitante que nunca pensou em fazer nada além de cantar e dançar. Será que a Cigarra está certa? Ou será a Formiga a mais esperta?<br />
O leitor vai ter que descobrir sozinho as dicas de educação financeira e de sustentabilidade que essa história oferece em situações para lá de curiosas.</p>
