{"id":16686,"date":"2022-05-16T10:51:27","date_gmt":"2022-05-16T13:51:27","guid":{"rendered":"https:\/\/maisativos.com.br\/loja\/?post_type=product&#038;p=16686"},"modified":"2025-08-31T17:11:07","modified_gmt":"2025-08-31T20:11:07","slug":"paz-e-bem-com-francisco","status":"publish","type":"product","link":"https:\/\/maisativos.com.br\/loja\/produtos\/paz-e-bem-com-francisco\/","title":{"rendered":"Paz e bem com Francisco"},"content":{"rendered":"<p>O pequeno Francisco carrega um cora\u00e7\u00e3o gigante e por onde anda, semeia paz e bem. Inspirada na Ora\u00e7\u00e3o de S\u00e3o Francisco, Padroeiro da Ecologia, a obra relata a hist\u00f3ria de uma crian\u00e7a em um dia repleto de desafios e nos convida a colocar em pr\u00e1tica cada frase desta linda e forte ora\u00e7\u00e3o.<\/p>\n<p><strong>Autor(a)<\/strong>: Alexandre Parente<br \/>\n<strong>Ilustra\u00e7\u00f5es<\/strong>: Ana Laura Alvarenga<br \/>\n<strong>Formato<\/strong>: 21 x 26cm. Ilustrado, 36 p\u00e1ginas.<br \/>\n<strong>Editora<\/strong>: Mais Amigos<br \/>\n<strong>Indica\u00e7\u00e3o<\/strong>: anos iniciais do ensino fundamental, fam\u00edlias<\/p>\n","protected":false},"excerpt":{"rendered":"<p>O pequeno Francisco carrega um cora\u00e7\u00e3o gigante e por onde anda, semeia paz e bem. Inspirada na Ora\u00e7\u00e3o de S\u00e3o Francisco, Padroeiro da Ecologia, a obra relata a hist\u00f3ria de uma crian\u00e7a em um dia repleto de desafios e nos convida a colocar em pr\u00e1tica cada frase desta linda e forte ora\u00e7\u00e3o.<\/p>\n","protected":false},"featured_media":16687,"template":"","meta":{"_joinchat":[]},"product_brand":[],"product_cat":[93,68],"product_tag":[75,155,154,152,156],"class_list":{"0":"post-16686","1":"product","2":"type-product","3":"status-publish","4":"has-post-thumbnail","6":"product_cat-mais-amigos","7":"product_cat-todos","8":"product_tag-familia","9":"product_tag-fe","10":"product_tag-formacao-de-leitores","11":"product_tag-leitura","12":"product_tag-sao-francisco","13":"latest_post","15":"first","16":"instock","17":"featured","18":"shipping-taxable","19":"purchasable","20":"product-type-simple","21":"add-to-wishlist-after_add_to_cart"},"_links":{"self":[{"href":"https:\/\/maisativos.com.br\/loja\/wp-json\/wp\/v2\/product\/16686","targetHints":{"allow":["GET"]}}],"collection":[{"href":"https:\/\/maisativos.com.br\/loja\/wp-json\/wp\/v2\/product"}],"about":[{"href":"https:\/\/maisativos.com.br\/loja\/wp-json\/wp\/v2\/types\/product"}],"wp:featuredmedia":[{"embeddable":true,"href":"https:\/\/maisativos.com.br\/loja\/wp-json\/wp\/v2\/media\/16687"}],"wp:attachment":[{"href":"https:\/\/maisativos.com.br\/loja\/wp-json\/wp\/v2\/media?parent=16686"}],"wp:term":[{"taxonomy":"product_brand","embeddable":true,"href":"https:\/\/maisativos.com.br\/loja\/wp-json\/wp\/v2\/product_brand?post=16686"},{"taxonomy":"product_cat","embeddable":true,"href":"https:\/\/maisativos.com.br\/loja\/wp-json\/wp\/v2\/product_cat?post=16686"},{"taxonomy":"product_tag","embeddable":true,"href":"https:\/\/maisativos.com.br\/loja\/wp-json\/wp\/v2\/product_tag?post=16686"}],"curies":[{"name":"wp","href":"https:\/\/api.w.org\/{rel}","templated":true}]}}

<p>O pequeno Francisco carrega um coração gigante e por onde anda, semeia paz e bem. Inspirada na Oração de São Francisco, Padroeiro da Ecologia, a obra relata a história de uma criança em um dia repleto de desafios e nos convida a colocar em prática cada frase desta linda e forte oração.</p>
<p><strong>Autor(a)</strong>: Alexandre Parente<br />
<strong>Ilustrações</strong>: Ana Laura Alvarenga<br />
<strong>Formato</strong>: 21 x 26cm. Ilustrado, 36 páginas.<br />
<strong>Editora</strong>: Mais Amigos<br />
<strong>Indicação</strong>: anos iniciais do ensino fundamental, famílias</p>

<p>O pequeno Francisco carrega um coração gigante e por onde anda, semeia paz e bem. Inspirada na Oração de São Francisco, Padroeiro da Ecologia, a obra relata a história de uma criança em um dia repleto de desafios e nos convida a colocar em prática cada frase desta linda e forte oração.</p>
