{"id":16620,"date":"2022-03-28T09:57:46","date_gmt":"2022-03-28T12:57:46","guid":{"rendered":"https:\/\/maisativos.com.br\/loja\/?post_type=product&#038;p=16620"},"modified":"2025-08-31T17:09:28","modified_gmt":"2025-08-31T20:09:28","slug":"o-que-voce-quer-ser-quando-crescer","status":"publish","type":"product","link":"https:\/\/maisativos.com.br\/loja\/produtos\/o-que-voce-quer-ser-quando-crescer\/","title":{"rendered":"O que voc\u00ea quer ser quando crescer?"},"content":{"rendered":"<p><span style=\"font-weight: 400\">Com essa simples pergunta, uma vov\u00f3 mostra como toda crian\u00e7a tem direito de brincar livremente. Na casa\u00a0<\/span><span style=\"font-weight: 400\">dela, as brincadeiras mais gostosas acontecem, deixando sempre um gostinho de quero mais.\u00a0<\/span><\/p>\n<p><span style=\"font-weight: 400\">Com esta obra a autora oferece aos leitores e a seus familiares oportunidades para conversarem sobre sonhos, profiss\u00f5es, descobertas sobre gostos e aptid\u00f5es das crian\u00e7as e sobre o que elas j\u00e1 imaginaram ser quando crescer.<\/span><\/p>\n<p><span style=\"font-weight: 400\"><strong>Autor(a):<\/strong>\u00a0<\/span> <span style=\"font-weight: 400\">Gabriela Neves Delgado<br \/>\n<\/span><span style=\"font-weight: 400\"><strong>Ilustra\u00e7\u00f5es:<\/strong>\u00a0Ros\u00e2ngela Grafetti<br \/>\n<\/span><span style=\"font-weight: 400\"><strong>ISBN:<\/strong>\u00a0<\/span> <span style=\"font-weight: 400\">978-65-86396-39-3 (Peso 150g)<br \/>\n<\/span><span style=\"font-weight: 400\"><strong>Formato:<\/strong>\u00a0<\/span> <span style=\"font-weight: 400\">21 x 26cm. Ilustrado, 28 p\u00e1ginas.<br \/>\n<\/span><span style=\"font-weight: 400\"><strong>Editora:<\/strong>\u00a0<\/span> <span style=\"font-weight: 400\">Mais Amigos<br \/>\n<\/span><span style=\"font-weight: 400\"><strong>Indica\u00e7\u00e3o:<\/strong> anos iniciais do ensino fundamental, fam\u00edlias.<\/span><\/p>\n","protected":false},"excerpt":{"rendered":"<p><span style=\"font-weight: 400\">Com essa simples pergunta, uma vov\u00f3 mostra como toda crian\u00e7a tem direito de brincar livremente. Na casa\u00a0<\/span><span style=\"font-weight: 400\">dela, as brincadeiras mais gostosas acontecem, deixando sempre um gostinho de quero mais.\u00a0<\/span><\/p>\n<p><span style=\"font-weight: 400\">Com esta obra a autora oferece aos leitores e a seus familiares oportunidades para conversarem sobre sonhos, profiss\u00f5es, descobertas sobre gostos e aptid\u00f5es das crian\u00e7as e sobre o que elas j\u00e1 imaginaram ser quando crescer.<\/span><\/p>\n","protected":false},"featured_media":16621,"template":"","meta":{"_joinchat":[]},"product_brand":[],"product_cat":[93,68],"product_tag":[75,154,152,77],"class_list":{"0":"post-16620","1":"product","2":"type-product","3":"status-publish","4":"has-post-thumbnail","6":"product_cat-mais-amigos","7":"product_cat-todos","8":"product_tag-familia","9":"product_tag-formacao-de-leitores","10":"product_tag-leitura","11":"product_tag-profissoes","12":"latest_post","14":"first","15":"instock","16":"featured","17":"shipping-taxable","18":"purchasable","19":"product-type-simple","20":"add-to-wishlist-after_add_to_cart"},"_links":{"self":[{"href":"https:\/\/maisativos.com.br\/loja\/wp-json\/wp\/v2\/product\/16620","targetHints":{"allow":["GET"]}}],"collection":[{"href":"https:\/\/maisativos.com.br\/loja\/wp-json\/wp\/v2\/product"}],"about":[{"href":"https:\/\/maisativos.com.br\/loja\/wp-json\/wp\/v2\/types\/product"}],"wp:featuredmedia":[{"embeddable":true,"href":"https:\/\/maisativos.com.br\/loja\/wp-json\/wp\/v2\/media\/16621"}],"wp:attachment":[{"href":"https:\/\/maisativos.com.br\/loja\/wp-json\/wp\/v2\/media?parent=16620"}],"wp:term":[{"taxonomy":"product_brand","embeddable":true,"href":"https:\/\/maisativos.com.br\/loja\/wp-json\/wp\/v2\/product_brand?post=16620"},{"taxonomy":"product_cat","embeddable":true,"href":"https:\/\/maisativos.com.br\/loja\/wp-json\/wp\/v2\/product_cat?post=16620"},{"taxonomy":"product_tag","embeddable":true,"href":"https:\/\/maisativos.com.br\/loja\/wp-json\/wp\/v2\/product_tag?post=16620"}],"curies":[{"name":"wp","href":"https:\/\/api.w.org\/{rel}","templated":true}]}}