{"id":15758,"date":"2021-12-06T21:20:58","date_gmt":"2021-12-07T00:20:58","guid":{"rendered":"https:\/\/maisativos.com.br\/loja\/?post_type=product&#038;p=15758"},"modified":"2025-08-31T17:14:06","modified_gmt":"2025-08-31T20:14:06","slug":"venha-conhecer-o-parana","status":"publish","type":"product","link":"https:\/\/maisativos.com.br\/loja\/produtos\/venha-conhecer-o-parana\/","title":{"rendered":"Venha conhecer o Paran\u00e1"},"content":{"rendered":"<p>O estado do Paran\u00e1 mostrado de maneira diferente, incluindo temas previstos pela BNCC. Cada tema pode render uma boa aula e atividades complementares: a fauna, a flora, a popula\u00e7\u00e3o, a culin\u00e1ria, a geografia, a hist\u00f3ria, belezas e curiosidades. Uma diversidade enorme de temas interessantes que permitem atividades l\u00fadicas, pesquisas, atividades teatrais, exposi\u00e7\u00f5es. Uma obra que mostra o que o Paran\u00e1 tem de especial.<\/p>\n<p><strong>BNCC<\/strong>: atende a Objetivos de Aprendizagem e Desenvolvimento de v\u00e1rias \u00e1reas de conhecimento do 3\u00ba ao 5\u00ba ano do Ensino Fundamental.<br \/>\n<strong>Autora<\/strong>: Jacqueline de Mattos<br \/>\n<strong>Ilustra\u00e7\u00f5es<\/strong>: Alessandra Tozi<br \/>\n<strong>Indica\u00e7\u00e3o<\/strong>: Ensino Fundamental &#8211; anos iniciais (EF35)<br \/>\n32 p\u00e1ginas, 21cm x 28cm<\/p>\n","protected":false},"excerpt":{"rendered":"<p>O estado do Paran\u00e1 mostrado de maneira diferente, incluindo temas previstos pela BNCC.<\/p>\n","protected":false},"featured_media":15759,"template":"","meta":{"_joinchat":[]},"product_brand":[],"product_cat":[93,68],"product_tag":[103,82,88,141,151,116,150],"class_list":{"0":"post-15758","1":"product","2":"type-product","3":"status-publish","4":"has-post-thumbnail","6":"product_cat-mais-amigos","7":"product_cat-todos","8":"product_tag-cidadania","9":"product_tag-cultura-brasileira","10":"product_tag-diversidade","11":"product_tag-identidade","12":"product_tag-parana","13":"product_tag-tradicoes","14":"product_tag-venha-conhecer","15":"latest_post","17":"first","18":"instock","19":"shipping-taxable","20":"purchasable","21":"product-type-simple","22":"add-to-wishlist-after_add_to_cart"},"_links":{"self":[{"href":"https:\/\/maisativos.com.br\/loja\/wp-json\/wp\/v2\/product\/15758","targetHints":{"allow":["GET"]}}],"collection":[{"href":"https:\/\/maisativos.com.br\/loja\/wp-json\/wp\/v2\/product"}],"about":[{"href":"https:\/\/maisativos.com.br\/loja\/wp-json\/wp\/v2\/types\/product"}],"wp:featuredmedia":[{"embeddable":true,"href":"https:\/\/maisativos.com.br\/loja\/wp-json\/wp\/v2\/media\/15759"}],"wp:attachment":[{"href":"https:\/\/maisativos.com.br\/loja\/wp-json\/wp\/v2\/media?parent=15758"}],"wp:term":[{"taxonomy":"product_brand","embeddable":true,"href":"https:\/\/maisativos.com.br\/loja\/wp-json\/wp\/v2\/product_brand?post=15758"},{"taxonomy":"product_cat","embeddable":true,"href":"https:\/\/maisativos.com.br\/loja\/wp-json\/wp\/v2\/product_cat?post=15758"},{"taxonomy":"product_tag","embeddable":true,"href":"https:\/\/maisativos.com.br\/loja\/wp-json\/wp\/v2\/product_tag?post=15758"}],"curies":[{"name":"wp","href":"https:\/\/api.w.org\/{rel}","templated":true}]}}