{"id":14357,"date":"2020-07-24T18:46:58","date_gmt":"2020-07-24T21:46:58","guid":{"rendered":"https:\/\/maisativos.com.br\/loja\/?post_type=product&#038;p=14357"},"modified":"2025-08-31T17:00:23","modified_gmt":"2025-08-31T20:00:23","slug":"a-riqueza-das-emocoes","status":"publish","type":"product","link":"https:\/\/maisativos.com.br\/loja\/produtos\/a-riqueza-das-emocoes\/","title":{"rendered":"A riqueza das emo\u00e7\u00f5es"},"content":{"rendered":"<p><span style=\"color: #333333\">V\u00e1rias emo\u00e7\u00f5es v\u00eam \u00e0 tona quando os alunos s\u00e3o surpreendidos pela<br \/>\ntroca inesperada da professora. A inseguran\u00e7a, o medo, a tristeza tomam<br \/>\nconta da sala. Com o tempo, outras emo\u00e7\u00f5es, como a alegria, a surpresa<br \/>\ne o encantamento tamb\u00e9m se fazem presentes. Os livros e a leitura v\u00e3o<br \/>\najudar a contar esta hist\u00f3ria e a revelar outras emo\u00e7\u00f5es.<\/p>\n<p><b>Autora:<\/b>\u00a0Jacqueline de Mattos<\/p>\n<p><b>Ilustra\u00e7\u00f5es:<\/b>\u00a0Ros\u00e2ngela Grafetti<br \/>\n<b>ISBN:<\/b>\u00a0978-65-86396-03-4 (Peso 120g)<br \/>\n<b>Formato:<\/b>\u00a023 x 21cm. Ilustrado, 24 p\u00e1ginas.<br \/>\n<b>Editora:<\/b>\u00a0Mais Amigos (Mais Ativos)<br \/>\n<b>Selo editorial:<\/b>\u00a0Mais Amigos<br \/>\n<b>Edi\u00e7\u00e3o atual:<\/b>\u00a01a (Lan\u00e7amento)<br \/>\n<b>Indica\u00e7\u00e3o:<\/b>\u00a0educa\u00e7\u00e3o infantil e ensino fundamental, anos iniciais; EI03\u00a0e\u00a0EF14.<\/span><\/p>\n","protected":false},"excerpt":{"rendered":"<p><span style=\"color: #333333\">V\u00e1rias emo\u00e7\u00f5es v\u00eam \u00e0 tona quando os alunos s\u00e3o surpreendidos pela<br \/>\ntroca inesperada da professora.<\/span><\/p>\n","protected":false},"featured_media":14358,"template":"","meta":{"_joinchat":[]},"product_brand":[],"product_cat":[93,68],"product_tag":[21,27,101,25,123,108],"class_list":{"0":"post-14357","1":"product","2":"type-product","3":"status-publish","4":"has-post-thumbnail","6":"product_cat-mais-amigos","7":"product_cat-todos","8":"product_tag-criancas","9":"product_tag-educacao-infantil","10":"product_tag-emocoes","11":"product_tag-ensino-fundamental","12":"product_tag-escola","13":"product_tag-sentimentos","14":"latest_post","16":"first","17":"instock","18":"shipping-taxable","19":"purchasable","20":"product-type-simple","21":"add-to-wishlist-after_add_to_cart"},"_links":{"self":[{"href":"https:\/\/maisativos.com.br\/loja\/wp-json\/wp\/v2\/product\/14357","targetHints":{"allow":["GET"]}}],"collection":[{"href":"https:\/\/maisativos.com.br\/loja\/wp-json\/wp\/v2\/product"}],"about":[{"href":"https:\/\/maisativos.com.br\/loja\/wp-json\/wp\/v2\/types\/product"}],"wp:featuredmedia":[{"embeddable":true,"href":"https:\/\/maisativos.com.br\/loja\/wp-json\/wp\/v2\/media\/14358"}],"wp:attachment":[{"href":"https:\/\/maisativos.com.br\/loja\/wp-json\/wp\/v2\/media?parent=14357"}],"wp:term":[{"taxonomy":"product_brand","embeddable":true,"href":"https:\/\/maisativos.com.br\/loja\/wp-json\/wp\/v2\/product_brand?post=14357"},{"taxonomy":"product_cat","embeddable":true,"href":"https:\/\/maisativos.com.br\/loja\/wp-json\/wp\/v2\/product_cat?post=14357"},{"taxonomy":"product_tag","embeddable":true,"href":"https:\/\/maisativos.com.br\/loja\/wp-json\/wp\/v2\/product_tag?post=14357"}],"curies":[{"name":"wp","href":"https:\/\/api.w.org\/{rel}","templated":true}]}}

A riqueza das emoções

<p><span style="color: #333333">Várias emoções vêm à tona quando os alunos são surpreendidos pela<br />
troca inesperada da professora. A insegurança, o medo, a tristeza tomam<br />
conta da sala. Com o tempo, outras emoções, como a alegria, a surpresa<br />
e o encantamento também se fazem presentes. Os livros e a leitura vão<br />
ajudar a contar esta história e a revelar outras emoções.</p>
<p><b>Autora:</b> Jacqueline de Mattos</p>
<p><b>Ilustrações:</b> Rosângela Grafetti<br />
<b>ISBN:</b> 978-65-86396-03-4 (Peso 120g)<br />
<b>Formato:</b> 23 x 21cm. Ilustrado, 24 páginas.<br />
<b>Editora:</b> Mais Amigos (Mais Ativos)<br />
<b>Selo editorial:</b> Mais Amigos<br />
<b>Edição atual:</b> 1a (Lançamento)<br />
<b>Indicação:</b> educação infantil e ensino fundamental, anos iniciais; EI03 e EF14.</span></p>

<p><span style="color: #333333">Várias emoções vêm à tona quando os alunos são surpreendidos pela<br />
troca inesperada da professora.</span></p>
