{"id":1337,"date":"2018-09-05T11:18:32","date_gmt":"2018-09-05T14:18:32","guid":{"rendered":"http:\/\/maisativos.com.br\/loja\/?post_type=product&#038;p=1337"},"modified":"2025-09-01T09:25:36","modified_gmt":"2025-09-01T12:25:36","slug":"descobrindo-o-mar","status":"publish","type":"product","link":"https:\/\/maisativos.com.br\/loja\/produtos\/descobrindo-o-mar\/","title":{"rendered":"Descobrindo o mar"},"content":{"rendered":"<p>Marina e Lucas s\u00e3o crian\u00e7as curiosas que querem conhecer o mundo. Nesta aventura,<br \/>\neles v\u00e3o conhecer o mar, sua fauna, sua imensid\u00e3o e as muitas cores do encantado<br \/>\nmundo mar\u00edtimo. Tamb\u00e9m v\u00e3o aprender o mal que o lixo faz \u00e0 natureza. A hist\u00f3ria vai<br \/>\nestimular os pequenos leitores a refletir sobre sustentabilidade e consci\u00eancia<br \/>\nambiental.<\/p>\n<p>Autora:\u00a0Yana Marull<br \/>\nIlustra\u00e7\u00f5es:\u00a0Yana Marull<br \/>\nISBN: 978-85-66033-46-5 (Peso 100g)<br \/>\nFormato:\u00a023cm x 21cm. Ilustrado, 20 p\u00e1ginas.<br \/>\nEditora:\u00a0Mais ativos<br \/>\nEdi\u00e7\u00e3o atual:\u00a01a (Lan\u00e7amento)<br \/>\nBNCC: EF15LPNN, EF15AR02, EF01MA09, EF01MA12, EF01MANN<\/p>\n","protected":false},"excerpt":{"rendered":"<p>Marina e Lucas s\u00e3o crian\u00e7as curiosas que querem conhecer o mundo.<\/p>\n","protected":false},"featured_media":1338,"template":"","meta":{"_joinchat":[]},"product_brand":[],"product_cat":[95,68],"product_tag":[],"class_list":{"0":"post-1337","1":"product","2":"type-product","3":"status-publish","4":"has-post-thumbnail","6":"product_cat-mais-ativos","7":"product_cat-todos","8":"latest_post","10":"first","11":"instock","12":"shipping-taxable","13":"purchasable","14":"product-type-simple","15":"add-to-wishlist-after_add_to_cart"},"_links":{"self":[{"href":"https:\/\/maisativos.com.br\/loja\/wp-json\/wp\/v2\/product\/1337","targetHints":{"allow":["GET"]}}],"collection":[{"href":"https:\/\/maisativos.com.br\/loja\/wp-json\/wp\/v2\/product"}],"about":[{"href":"https:\/\/maisativos.com.br\/loja\/wp-json\/wp\/v2\/types\/product"}],"wp:featuredmedia":[{"embeddable":true,"href":"https:\/\/maisativos.com.br\/loja\/wp-json\/wp\/v2\/media\/1338"}],"wp:attachment":[{"href":"https:\/\/maisativos.com.br\/loja\/wp-json\/wp\/v2\/media?parent=1337"}],"wp:term":[{"taxonomy":"product_brand","embeddable":true,"href":"https:\/\/maisativos.com.br\/loja\/wp-json\/wp\/v2\/product_brand?post=1337"},{"taxonomy":"product_cat","embeddable":true,"href":"https:\/\/maisativos.com.br\/loja\/wp-json\/wp\/v2\/product_cat?post=1337"},{"taxonomy":"product_tag","embeddable":true,"href":"https:\/\/maisativos.com.br\/loja\/wp-json\/wp\/v2\/product_tag?post=1337"}],"curies":[{"name":"wp","href":"https:\/\/api.w.org\/{rel}","templated":true}]}}